{"id":2413,"date":"2023-11-25T18:08:15","date_gmt":"2023-11-26T00:08:15","guid":{"rendered":"https:\/\/libreriahistoriasdebolsillo.com\/?post_type=product&#038;p=2413"},"modified":"2024-02-06T17:20:55","modified_gmt":"2024-02-06T23:20:55","slug":"archienemigos-renegados-2","status":"publish","type":"product","link":"https:\/\/libreriahistoriasdebolsillo.com\/index.php\/producto\/archienemigos-renegados-2\/","title":{"rendered":"Renegados 2. Archienemigos"},"content":{"rendered":"<p>EL TIEMPO SE ACABA. JUNTOS PUEDEN SALVAR AL MUNDO. PERO SON SU PEOR PESADILLA. La vida secreta de Nova est\u00e1 a punto de volverse un poco m\u00e1s complicada: Como Insomnia, es miembro de los Renegados, un sindicato de poderosos y amados superh\u00e9roes, y trabaja en la patrulla de Adri\u00e1n para proteger a los d\u00e9biles y mantener el orden en Gatlon City. Como Pesadilla, es una Anarquista, parte del grupo de villanos que desea derrocar a los Renegados. Y como Nova\u2026 sus sentimientos por Adri\u00e1n son cada vez m\u00e1s profundos, incluso cuando \u00e9l es el hijo de sus peores enemigos y le oculta peligrosos secretos. Mientras la delincuencia crece en Gatlon City, Adri\u00e1n y Nova no solo cuestionar\u00e1n sus creencias sobre la justicia, sino tambi\u00e9n lo que sienten el uno por el otro. Renegados y Anarquistas vuelven a enfrentarse, pero esta vez la l\u00ednea entre el bien y el mal es difusa y un exceso de poder puede significar el fin del mundo.<\/p>\n","protected":false},"excerpt":{"rendered":"<p>Marissa Meyer<\/p>\n","protected":false},"featured_media":2616,"template":"","meta":{"_joinchat":[]},"product_brand":[],"product_cat":[40,52],"product_tag":[48],"class_list":{"0":"post-2413","1":"product","2":"type-product","3":"status-publish","4":"has-post-thumbnail","6":"product_cat-ciencia-ficcion","7":"product_cat-juvenil","8":"product_tag-vr-editoras","10":"first","11":"instock","12":"shipping-taxable","13":"purchasable","14":"product-type-simple"},"_links":{"self":[{"href":"https:\/\/libreriahistoriasdebolsillo.com\/index.php\/wp-json\/wp\/v2\/product\/2413","targetHints":{"allow":["GET"]}}],"collection":[{"href":"https:\/\/libreriahistoriasdebolsillo.com\/index.php\/wp-json\/wp\/v2\/product"}],"about":[{"href":"https:\/\/libreriahistoriasdebolsillo.com\/index.php\/wp-json\/wp\/v2\/types\/product"}],"wp:featuredmedia":[{"embeddable":true,"href":"https:\/\/libreriahistoriasdebolsillo.com\/index.php\/wp-json\/wp\/v2\/media\/2616"}],"wp:attachment":[{"href":"https:\/\/libreriahistoriasdebolsillo.com\/index.php\/wp-json\/wp\/v2\/media?parent=2413"}],"wp:term":[{"taxonomy":"product_brand","embeddable":true,"href":"https:\/\/libreriahistoriasdebolsillo.com\/index.php\/wp-json\/wp\/v2\/product_brand?post=2413"},{"taxonomy":"product_cat","embeddable":true,"href":"https:\/\/libreriahistoriasdebolsillo.com\/index.php\/wp-json\/wp\/v2\/product_cat?post=2413"},{"taxonomy":"product_tag","embeddable":true,"href":"https:\/\/libreriahistoriasdebolsillo.com\/index.php\/wp-json\/wp\/v2\/product_tag?post=2413"}],"curies":[{"name":"wp","href":"https:\/\/api.w.org\/{rel}","templated":true}]}}