{"id":2439,"date":"2023-11-25T18:39:55","date_gmt":"2023-11-26T00:39:55","guid":{"rendered":"https:\/\/libreriahistoriasdebolsillo.com\/?post_type=product&#038;p=2439"},"modified":"2026-04-20T16:29:40","modified_gmt":"2026-04-20T22:29:40","slug":"la-cura-mortal-maze-runner-3","status":"publish","type":"product","link":"https:\/\/libreriahistoriasdebolsillo.com\/index.php\/producto\/la-cura-mortal-maze-runner-3\/","title":{"rendered":"Maze runner 3 La cura mortal"},"content":{"rendered":"<p>Thomas no puede confiar en CRUEL. La organizaci\u00f3n le rob\u00f3 sus recuerdos y lo encerr\u00f3 en el Laberinto. Luego lo dej\u00f3 al borde de la muerte, en el Desierto. Y lo separ\u00f3 de los Habitantes, sus \u00fanicos amigos. Ahora CRUEL asegura que el tiempo de las mentiras ha terminado. Con toda la informaci\u00f3n que reuni\u00f3 gracias a las Pruebas, est\u00e1 en condiciones de avanzar en la cura de la Llamarada. Pero Thomas debe pasar por la Prueba Final. \u00bfLograr\u00e1 sobrevivir al procedimiento? ?Ser\u00e1 cierto que se terminaron las mentiras? Quiz\u00e1 la verdad sea m\u00e1s terrible a\u00fan? una soluci\u00f3n letal, sin retorno.<\/p>\n","protected":false},"excerpt":{"rendered":"<p>James Dashner<\/p>\n","protected":false},"featured_media":2625,"template":"","meta":{"_joinchat":[]},"product_brand":[],"product_cat":[40,52],"product_tag":[48],"class_list":{"0":"post-2439","1":"product","2":"type-product","3":"status-publish","4":"has-post-thumbnail","6":"product_cat-ciencia-ficcion","7":"product_cat-juvenil","8":"product_tag-vr-editoras","10":"first","11":"instock","12":"shipping-taxable","13":"purchasable","14":"product-type-simple"},"_links":{"self":[{"href":"https:\/\/libreriahistoriasdebolsillo.com\/index.php\/wp-json\/wp\/v2\/product\/2439","targetHints":{"allow":["GET"]}}],"collection":[{"href":"https:\/\/libreriahistoriasdebolsillo.com\/index.php\/wp-json\/wp\/v2\/product"}],"about":[{"href":"https:\/\/libreriahistoriasdebolsillo.com\/index.php\/wp-json\/wp\/v2\/types\/product"}],"wp:featuredmedia":[{"embeddable":true,"href":"https:\/\/libreriahistoriasdebolsillo.com\/index.php\/wp-json\/wp\/v2\/media\/2625"}],"wp:attachment":[{"href":"https:\/\/libreriahistoriasdebolsillo.com\/index.php\/wp-json\/wp\/v2\/media?parent=2439"}],"wp:term":[{"taxonomy":"product_brand","embeddable":true,"href":"https:\/\/libreriahistoriasdebolsillo.com\/index.php\/wp-json\/wp\/v2\/product_brand?post=2439"},{"taxonomy":"product_cat","embeddable":true,"href":"https:\/\/libreriahistoriasdebolsillo.com\/index.php\/wp-json\/wp\/v2\/product_cat?post=2439"},{"taxonomy":"product_tag","embeddable":true,"href":"https:\/\/libreriahistoriasdebolsillo.com\/index.php\/wp-json\/wp\/v2\/product_tag?post=2439"}],"curies":[{"name":"wp","href":"https:\/\/api.w.org\/{rel}","templated":true}]}}