{"id":2813,"date":"2023-12-04T13:05:33","date_gmt":"2023-12-04T19:05:33","guid":{"rendered":"https:\/\/libreriahistoriasdebolsillo.com\/?post_type=product&#038;p=2813"},"modified":"2023-12-05T18:08:41","modified_gmt":"2023-12-06T00:08:41","slug":"jane-eyre-pasta-dura","status":"publish","type":"product","link":"https:\/\/libreriahistoriasdebolsillo.com\/index.php\/producto\/jane-eyre-pasta-dura\/","title":{"rendered":"Jane Eyre (Pasta dura)"},"content":{"rendered":"<p>Charlotte Bront\u00eb, afamada escritora del siglo XIX, es la autora de Jane Eyre, una bella novela que se ha posicionado como uno de los m\u00e1ximos exponentes de la novela rom\u00e1ntica inglesa que vio la luz por primera vez en el a\u00f1o 1847, en ella hay mucho dela propia Charlotte Bront\u00eb, pues la autora la cre\u00f3 a partir de sus vivencias, siendo Jane Eyre un testimonio de primera mano de la biograf\u00eda de la autora; sin embargo, en este gran cl\u00e1sico literario puede encontrarse muchos otros elementos sumamente importantes que componen la gran riqueza de esta obra a nivel literario y como un reflejo del contexto temporal y social en que se desarrolla la trama. Puesto que, p\u00e1gina a p\u00e1gina, Jane Eyre muestra tintes tr\u00e1gicos propios del romanticismo, adem\u00e1s de algunos elementos del g\u00e9nero de terror y la novela g\u00f3tica; por otro lado, tambi\u00e9n enmarca perfectamente el momento hist\u00f3rico en que Se desarrolla la trama mediante la menci\u00f3n al colonialismo en otros continentes como las Indias occidentales o la India; asimismo, retrata perfectamente la sociedad inglesa del siglo XIX caracterizada tanto por la diferencia de clases como por una sociedad patriarcal en la que las mujeres estaban sometidas a la voluntad de la figura principal de la familia que siempre resid\u00eda sobre una hombre. De manera que en este cl\u00e1sico literario Charlotte Bront\u00eb nos lleva de la mano a trav\u00e9s la voz de la propia Jane Eyre para conocer el desarrollo f\u00edsico, mental y emocional del personaje principal exponiendo la constante lucha de Jane por defender su libertad e independencia y retratando con sumo cuidado la sociedad rural de la Inglaterra de finales del siglo XIX.<\/p>\n","protected":false},"excerpt":{"rendered":"<p>Charlotte Bronte<\/p>\n","protected":false},"featured_media":2814,"template":"","meta":{"_joinchat":[]},"product_brand":[],"product_cat":[42,51],"product_tag":[47],"class_list":{"0":"post-2813","1":"product","2":"type-product","3":"status-publish","4":"has-post-thumbnail","6":"product_cat-literatura-clasica","7":"product_cat-oferta","8":"product_tag-editories-mexicanos-unidos","10":"first","11":"outofstock","12":"sale","13":"shipping-taxable","14":"purchasable","15":"product-type-simple"},"_links":{"self":[{"href":"https:\/\/libreriahistoriasdebolsillo.com\/index.php\/wp-json\/wp\/v2\/product\/2813","targetHints":{"allow":["GET"]}}],"collection":[{"href":"https:\/\/libreriahistoriasdebolsillo.com\/index.php\/wp-json\/wp\/v2\/product"}],"about":[{"href":"https:\/\/libreriahistoriasdebolsillo.com\/index.php\/wp-json\/wp\/v2\/types\/product"}],"wp:featuredmedia":[{"embeddable":true,"href":"https:\/\/libreriahistoriasdebolsillo.com\/index.php\/wp-json\/wp\/v2\/media\/2814"}],"wp:attachment":[{"href":"https:\/\/libreriahistoriasdebolsillo.com\/index.php\/wp-json\/wp\/v2\/media?parent=2813"}],"wp:term":[{"taxonomy":"product_brand","embeddable":true,"href":"https:\/\/libreriahistoriasdebolsillo.com\/index.php\/wp-json\/wp\/v2\/product_brand?post=2813"},{"taxonomy":"product_cat","embeddable":true,"href":"https:\/\/libreriahistoriasdebolsillo.com\/index.php\/wp-json\/wp\/v2\/product_cat?post=2813"},{"taxonomy":"product_tag","embeddable":true,"href":"https:\/\/libreriahistoriasdebolsillo.com\/index.php\/wp-json\/wp\/v2\/product_tag?post=2813"}],"curies":[{"name":"wp","href":"https:\/\/api.w.org\/{rel}","templated":true}]}}