{"id":2820,"date":"2023-12-05T11:39:34","date_gmt":"2023-12-05T17:39:34","guid":{"rendered":"https:\/\/libreriahistoriasdebolsillo.com\/?post_type=product&#038;p=2820"},"modified":"2025-06-09T12:29:56","modified_gmt":"2025-06-09T18:29:56","slug":"alas-de-sangre","status":"publish","type":"product","link":"https:\/\/libreriahistoriasdebolsillo.com\/index.php\/producto\/alas-de-sangre\/","title":{"rendered":"Emp\u00edreo 1. Alas de sangre"},"content":{"rendered":"<p><strong><em>Bestseller<\/em>\u00a0del\u00a0<em>New York Times\u00a0<\/em><\/strong><\/p>\n<p><strong>Un drag\u00f3n sin su jinete es una tragedia. Un jinete sin su drag\u00f3n est\u00e1 muerto.<\/strong><br \/>\n<strong>\u2014Art\u00edculo uno, secci\u00f3n uno del C\u00f3digo de jinetes de dragones<\/strong><\/p>\n<p>Violet Sorrengail cre\u00eda que a sus veinte a\u00f1os se unir\u00eda al Cuadrante de los Escribas para vivir una vida tranquila, estudiando sus amados libros y las historias antiguas que tanto le fascinan. Sin embargo, por \u00f3rdenes de su madre, la temida comandante general, Violet debe unirse a los miles de candidatos que luchan por formar parte de la \u00e9lite de Navarre: los jinetes de dragones.<\/p>\n<p>Cuando eres m\u00e1s peque\u00f1a y fr\u00e1gil que los dem\u00e1s tu vida corre peligro, porque los dragones no se vinculan con humanos d\u00e9biles; de hecho, los incineran. Sumado a esto, con m\u00e1s jinetes que dragones disponibles, buena parte de los candidatos matar\u00eda a Violet con tal de mejorar sus probabilidades de \u00e9xito; otros, como el despiadado Xaden Riorson, el l\u00edder de ala m\u00e1s poderoso del Cuadrante, la asesinar\u00edan simplemente por ser la hija de la comandante general. Para sobrevivir, necesitar\u00e1 aprovechar al m\u00e1ximo todo su ingenio.<\/p>\n<p>D\u00eda tras d\u00eda, la guerra que se libra al exterior del Colegio se torna m\u00e1s letal, las defensas del reino se debilitan y los muertos aumentan. Por si fuera poco, Violet sospecha que los l\u00edderes de Navarre esconden un terrible secreto.<\/p>\n<p>Amistad, rivalidad y pasi\u00f3n&#8230; en el Colegio de Guerra de Basgiath todos tienen una agenda oculta y saben que una vez adentro solo hay dos posibilidades: graduarse o morir.<\/p>\n","protected":false},"excerpt":{"rendered":"<p>Rebecca Yarros<\/p>\n","protected":false},"featured_media":2821,"template":"","meta":{"_joinchat":[]},"product_brand":[],"product_cat":[39,52],"product_tag":[45],"class_list":{"0":"post-2820","1":"product","2":"type-product","3":"status-publish","4":"has-post-thumbnail","6":"product_cat-fantasia","7":"product_cat-juvenil","8":"product_tag-planeta","10":"first","11":"outofstock","12":"shipping-taxable","13":"purchasable","14":"product-type-simple"},"_links":{"self":[{"href":"https:\/\/libreriahistoriasdebolsillo.com\/index.php\/wp-json\/wp\/v2\/product\/2820","targetHints":{"allow":["GET"]}}],"collection":[{"href":"https:\/\/libreriahistoriasdebolsillo.com\/index.php\/wp-json\/wp\/v2\/product"}],"about":[{"href":"https:\/\/libreriahistoriasdebolsillo.com\/index.php\/wp-json\/wp\/v2\/types\/product"}],"wp:featuredmedia":[{"embeddable":true,"href":"https:\/\/libreriahistoriasdebolsillo.com\/index.php\/wp-json\/wp\/v2\/media\/2821"}],"wp:attachment":[{"href":"https:\/\/libreriahistoriasdebolsillo.com\/index.php\/wp-json\/wp\/v2\/media?parent=2820"}],"wp:term":[{"taxonomy":"product_brand","embeddable":true,"href":"https:\/\/libreriahistoriasdebolsillo.com\/index.php\/wp-json\/wp\/v2\/product_brand?post=2820"},{"taxonomy":"product_cat","embeddable":true,"href":"https:\/\/libreriahistoriasdebolsillo.com\/index.php\/wp-json\/wp\/v2\/product_cat?post=2820"},{"taxonomy":"product_tag","embeddable":true,"href":"https:\/\/libreriahistoriasdebolsillo.com\/index.php\/wp-json\/wp\/v2\/product_tag?post=2820"}],"curies":[{"name":"wp","href":"https:\/\/api.w.org\/{rel}","templated":true}]}}