{"id":2828,"date":"2023-12-05T11:53:44","date_gmt":"2023-12-05T17:53:44","guid":{"rendered":"https:\/\/libreriahistoriasdebolsillo.com\/?post_type=product&#038;p=2828"},"modified":"2023-12-20T15:54:56","modified_gmt":"2023-12-20T21:54:56","slug":"el-principe","status":"publish","type":"product","link":"https:\/\/libreriahistoriasdebolsillo.com\/index.php\/producto\/el-principe\/","title":{"rendered":"El pr\u00edncipe"},"content":{"rendered":"<p>Esta obra literaria narra c\u00f3mo los hombres siempre han sido atra\u00eddos por el poder desde los tiempos m\u00e1s remotos. Su concepci\u00f3n y su pr\u00e1ctica ha sido muy diversa a trav\u00e9s de la historia de la civilizaci\u00f3n. Nicol\u00e1s Maquiavelo descubri\u00f3 la naturaleza del poder en forma tan realista y desnuda planteando cambios en la pol\u00edtica de gobierno de Lorenzo de M\u00e9dicis, quien deber\u00eda apoyarse en los consejos de El Pr\u00edncipe para conseguir la uni\u00f3n de Italia. Los cambios que propuso fueron extra\u00eddos de la observaci\u00f3n y deber\u00e1n basarse en realidades. El autor percibe que los valores y la moral tradicionales no se ajustan a la inestabilidad de la Europa renacentista, demostrando al gobernante el arte de la pol\u00edtica para conquistar el poder, el cual deber\u00e1 estar libre de cualquier norma. Maquiavelo plantea que el bien com\u00fan radica en el poder y en la fuerza del estado y no est\u00e1 sujeto en ning\u00fan caso a fines particulares por extraordinarios que se consideren, as\u00ed el Estado podr\u00e1 articular las relaciones sociales, garantizando que los hombres vivan en libertad a trav\u00e9s de sus leyes.<\/p>\n","protected":false},"excerpt":{"rendered":"<p>Nicol\u00e1s Maquiavelo<\/p>\n","protected":false},"featured_media":2829,"template":"","meta":{"_joinchat":[]},"product_brand":[],"product_cat":[42,51],"product_tag":[],"class_list":{"0":"post-2828","1":"product","2":"type-product","3":"status-publish","4":"has-post-thumbnail","6":"product_cat-literatura-clasica","7":"product_cat-oferta","9":"first","10":"outofstock","11":"shipping-taxable","12":"purchasable","13":"product-type-simple"},"_links":{"self":[{"href":"https:\/\/libreriahistoriasdebolsillo.com\/index.php\/wp-json\/wp\/v2\/product\/2828","targetHints":{"allow":["GET"]}}],"collection":[{"href":"https:\/\/libreriahistoriasdebolsillo.com\/index.php\/wp-json\/wp\/v2\/product"}],"about":[{"href":"https:\/\/libreriahistoriasdebolsillo.com\/index.php\/wp-json\/wp\/v2\/types\/product"}],"wp:featuredmedia":[{"embeddable":true,"href":"https:\/\/libreriahistoriasdebolsillo.com\/index.php\/wp-json\/wp\/v2\/media\/2829"}],"wp:attachment":[{"href":"https:\/\/libreriahistoriasdebolsillo.com\/index.php\/wp-json\/wp\/v2\/media?parent=2828"}],"wp:term":[{"taxonomy":"product_brand","embeddable":true,"href":"https:\/\/libreriahistoriasdebolsillo.com\/index.php\/wp-json\/wp\/v2\/product_brand?post=2828"},{"taxonomy":"product_cat","embeddable":true,"href":"https:\/\/libreriahistoriasdebolsillo.com\/index.php\/wp-json\/wp\/v2\/product_cat?post=2828"},{"taxonomy":"product_tag","embeddable":true,"href":"https:\/\/libreriahistoriasdebolsillo.com\/index.php\/wp-json\/wp\/v2\/product_tag?post=2828"}],"curies":[{"name":"wp","href":"https:\/\/api.w.org\/{rel}","templated":true}]}}