{"id":2845,"date":"2023-12-06T17:23:08","date_gmt":"2023-12-06T23:23:08","guid":{"rendered":"https:\/\/libreriahistoriasdebolsillo.com\/?post_type=product&#038;p=2845"},"modified":"2025-03-27T16:35:29","modified_gmt":"2025-03-27T22:35:29","slug":"la-babilonia-1580","status":"publish","type":"product","link":"https:\/\/libreriahistoriasdebolsillo.com\/index.php\/producto\/la-babilonia-1580\/","title":{"rendered":"La Babilonia 1580"},"content":{"rendered":"<p>A\u00f1o del Se\u00f1or de 1580. Sevilla vive su momento de m\u00e1ximo esplendor como capital del comercio entre el Nuevo y el Viejo Mundo.<br \/>\nLa Flota de Indias de Su Majestad est\u00e1 a punto de zarpar cuando la piel arrancada del rostro de una mujer y su cabellera pelirroja aparecen ajustadas como un disfraz macabro al mascar\u00f3n de proa de la Soberbia, el buque de guerra que abre el convoy. Pr\u00f3xima al barrio portuario del Arenal, en una zona cercada por altos muros, se encuentra La Babilonia, el prost\u00edbulo m\u00e1s cotizado de la Manceb\u00eda y donde ejerce Damiana. A pocos metros de all\u00ed est\u00e1 el convento de las carmelitas descalzas, donde vive en clausura sor Catalina. Ambas fueron amigas en la infancia y se ver\u00e1n unidas de nuevo a fin de averiguar qui\u00e9n cometi\u00f3 tan brutal asesinato y por qu\u00e9. Para hacerlo pondr\u00e1n en peligro sus propias vidas, pero tambi\u00e9n el secreto mejor guardado de la Corona.<\/p>\n","protected":false},"excerpt":{"rendered":"<p>Susana Mart\u00edn Gij\u00f3n<\/p>\n","protected":false},"featured_media":2846,"template":"","meta":{"_joinchat":[]},"product_brand":[],"product_cat":[56,37],"product_tag":[34],"class_list":{"0":"post-2845","1":"product","2":"type-product","3":"status-publish","4":"has-post-thumbnail","6":"product_cat-historica","7":"product_cat-misterio-y-thriller","8":"product_tag-penguin-random-house","10":"first","11":"outofstock","12":"shipping-taxable","13":"purchasable","14":"product-type-simple"},"_links":{"self":[{"href":"https:\/\/libreriahistoriasdebolsillo.com\/index.php\/wp-json\/wp\/v2\/product\/2845","targetHints":{"allow":["GET"]}}],"collection":[{"href":"https:\/\/libreriahistoriasdebolsillo.com\/index.php\/wp-json\/wp\/v2\/product"}],"about":[{"href":"https:\/\/libreriahistoriasdebolsillo.com\/index.php\/wp-json\/wp\/v2\/types\/product"}],"wp:featuredmedia":[{"embeddable":true,"href":"https:\/\/libreriahistoriasdebolsillo.com\/index.php\/wp-json\/wp\/v2\/media\/2846"}],"wp:attachment":[{"href":"https:\/\/libreriahistoriasdebolsillo.com\/index.php\/wp-json\/wp\/v2\/media?parent=2845"}],"wp:term":[{"taxonomy":"product_brand","embeddable":true,"href":"https:\/\/libreriahistoriasdebolsillo.com\/index.php\/wp-json\/wp\/v2\/product_brand?post=2845"},{"taxonomy":"product_cat","embeddable":true,"href":"https:\/\/libreriahistoriasdebolsillo.com\/index.php\/wp-json\/wp\/v2\/product_cat?post=2845"},{"taxonomy":"product_tag","embeddable":true,"href":"https:\/\/libreriahistoriasdebolsillo.com\/index.php\/wp-json\/wp\/v2\/product_tag?post=2845"}],"curies":[{"name":"wp","href":"https:\/\/api.w.org\/{rel}","templated":true}]}}