{"id":2859,"date":"2023-12-06T17:45:33","date_gmt":"2023-12-06T23:45:33","guid":{"rendered":"https:\/\/libreriahistoriasdebolsillo.com\/?post_type=product&#038;p=2859"},"modified":"2024-03-19T18:02:42","modified_gmt":"2024-03-20T00:02:42","slug":"reinas-malditas","status":"publish","type":"product","link":"https:\/\/libreriahistoriasdebolsillo.com\/index.php\/producto\/reinas-malditas\/","title":{"rendered":"Reinas malditas"},"content":{"rendered":"<p><b>Las fascinantes vidas de seis reinas marcadas por la tragedia que no pudieron elegir su destino y que dejaron una profunda huella en la Historia.<\/b><\/p>\n<p>La vida de estas reinas no fue un cuento de hadas. Aunque infinidad de pel\u00edculas y novelas nos han mostrado el rostro m\u00e1s amable de su reinado, en general, pasaron muchas desdichas. Todas tienen en com\u00fan la soledad, la nostalgia, la falta de amor o el sufrimiento por no poder concebir un heredero. Tambi\u00e9n comparten la dolorosa p\u00e9rdida de sus hijos, los fracasos matrimoniales o sentirse extranjeras en una corte donde no eran bien recibidas.<\/p>\n<p>Algunas, como\u00a0<b>Sissi<\/b>, fueron emperatrices en contra de su voluntad; otras, como\u00a0<b>Cristina de Suecia<\/b>, escandalizaron con su extravagante comportamiento y sus ansias de libertad.\u00a0<b>Mar\u00eda Antonieta<\/b>\u00a0y\u00a0<b>Alejandra Romanov<\/b>\u00a0comparten un tr\u00e1gico final, mientras que la reina\u00a0<b>Victoria de Inglaterra<\/b>\u00a0y\u00a0<b>Eugenia de Montijo<\/b>\u00a0asumieron su papel con extraordinaria dignidad.<\/p>\n<p>A trav\u00e9s de los diarios personales y la correspondencia familiar, Cristina Morat\u00f3 nos descubre el lado m\u00e1s humano de unas soberanas que no pudieron elegir su destino.<\/p>\n","protected":false},"excerpt":{"rendered":"<p>Cristina Morat\u00f3<\/p>\n","protected":false},"featured_media":2860,"template":"","meta":{"_joinchat":[]},"product_brand":[],"product_cat":[56,41],"product_tag":[34],"class_list":{"0":"post-2859","1":"product","2":"type-product","3":"status-publish","4":"has-post-thumbnail","6":"product_cat-historica","7":"product_cat-desarrollo-humano","8":"product_tag-penguin-random-house","10":"first","11":"outofstock","12":"shipping-taxable","13":"purchasable","14":"product-type-simple"},"_links":{"self":[{"href":"https:\/\/libreriahistoriasdebolsillo.com\/index.php\/wp-json\/wp\/v2\/product\/2859","targetHints":{"allow":["GET"]}}],"collection":[{"href":"https:\/\/libreriahistoriasdebolsillo.com\/index.php\/wp-json\/wp\/v2\/product"}],"about":[{"href":"https:\/\/libreriahistoriasdebolsillo.com\/index.php\/wp-json\/wp\/v2\/types\/product"}],"wp:featuredmedia":[{"embeddable":true,"href":"https:\/\/libreriahistoriasdebolsillo.com\/index.php\/wp-json\/wp\/v2\/media\/2860"}],"wp:attachment":[{"href":"https:\/\/libreriahistoriasdebolsillo.com\/index.php\/wp-json\/wp\/v2\/media?parent=2859"}],"wp:term":[{"taxonomy":"product_brand","embeddable":true,"href":"https:\/\/libreriahistoriasdebolsillo.com\/index.php\/wp-json\/wp\/v2\/product_brand?post=2859"},{"taxonomy":"product_cat","embeddable":true,"href":"https:\/\/libreriahistoriasdebolsillo.com\/index.php\/wp-json\/wp\/v2\/product_cat?post=2859"},{"taxonomy":"product_tag","embeddable":true,"href":"https:\/\/libreriahistoriasdebolsillo.com\/index.php\/wp-json\/wp\/v2\/product_tag?post=2859"}],"curies":[{"name":"wp","href":"https:\/\/api.w.org\/{rel}","templated":true}]}}