{"id":2879,"date":"2023-12-06T18:20:57","date_gmt":"2023-12-07T00:20:57","guid":{"rendered":"https:\/\/libreriahistoriasdebolsillo.com\/?post_type=product&#038;p=2879"},"modified":"2024-03-19T18:08:27","modified_gmt":"2024-03-20T00:08:27","slug":"las-pruebas-de-apolo-5-la-torre-de-neron","status":"publish","type":"product","link":"https:\/\/libreriahistoriasdebolsillo.com\/index.php\/producto\/las-pruebas-de-apolo-5-la-torre-de-neron\/","title":{"rendered":"Las pruebas de Apolo 5. La torre de Ner\u00f3n"},"content":{"rendered":"<p><b>La \u00faltima prueba de Apolo para salvar el mundo. La \u00faltima oportunidad.<\/b><\/p>\n<p>Lester y sus amigos semidioses superaron todas las pruebas, o eso cre\u00edan. Ahora que dejaron atr\u00e1s el Campamento Mestizo, el\u00a0<b>Campamento Romano<\/b>\u00a0y el\u00a0<b>Campamento J\u00fapiter<\/b>, Lester tiene una \u00faltima aventura por delante\u2026 y no ser\u00e1 nada f\u00e1cil salir con vida de ella. Una vez m\u00e1s,\u00a0<b>Apolo<\/b>\u00a0tendr\u00e1 que confiar en su forma humana y en los aliados que ha ganado en el camino para no morir en el intento.<\/p>\n<p>Lleg\u00f3 el momento para Apolo y Meg de enfrentarse al \u00faltimo emperador, el peor de todos: el temible Ner\u00f3n. Para poder volver a su aspecto divino y reconquistar su leg\u00edtimo lugar en el monte Olimpo, Apolo tendr\u00e1 que destruirlo de una vez por todas. \u00bfSer\u00e1 capaz de encontrarla forma de acabar con \u00e9l y salvar el mundo de la destrucci\u00f3n? \u00bfConseguir\u00e1 Lester Papadopoulos recuperar el destino de Apolo?<\/p>\n","protected":false},"excerpt":{"rendered":"<p>Rick Riordan<\/p>\n","protected":false},"featured_media":2880,"template":"","meta":{"_joinchat":[]},"product_brand":[],"product_cat":[39,54,52],"product_tag":[34],"class_list":{"0":"post-2879","1":"product","2":"type-product","3":"status-publish","4":"has-post-thumbnail","6":"product_cat-fantasia","7":"product_cat-infantil","8":"product_cat-juvenil","9":"product_tag-penguin-random-house","11":"first","12":"outofstock","13":"shipping-taxable","14":"purchasable","15":"product-type-simple"},"_links":{"self":[{"href":"https:\/\/libreriahistoriasdebolsillo.com\/index.php\/wp-json\/wp\/v2\/product\/2879","targetHints":{"allow":["GET"]}}],"collection":[{"href":"https:\/\/libreriahistoriasdebolsillo.com\/index.php\/wp-json\/wp\/v2\/product"}],"about":[{"href":"https:\/\/libreriahistoriasdebolsillo.com\/index.php\/wp-json\/wp\/v2\/types\/product"}],"wp:featuredmedia":[{"embeddable":true,"href":"https:\/\/libreriahistoriasdebolsillo.com\/index.php\/wp-json\/wp\/v2\/media\/2880"}],"wp:attachment":[{"href":"https:\/\/libreriahistoriasdebolsillo.com\/index.php\/wp-json\/wp\/v2\/media?parent=2879"}],"wp:term":[{"taxonomy":"product_brand","embeddable":true,"href":"https:\/\/libreriahistoriasdebolsillo.com\/index.php\/wp-json\/wp\/v2\/product_brand?post=2879"},{"taxonomy":"product_cat","embeddable":true,"href":"https:\/\/libreriahistoriasdebolsillo.com\/index.php\/wp-json\/wp\/v2\/product_cat?post=2879"},{"taxonomy":"product_tag","embeddable":true,"href":"https:\/\/libreriahistoriasdebolsillo.com\/index.php\/wp-json\/wp\/v2\/product_tag?post=2879"}],"curies":[{"name":"wp","href":"https:\/\/api.w.org\/{rel}","templated":true}]}}