{"id":2919,"date":"2023-12-11T10:44:13","date_gmt":"2023-12-11T16:44:13","guid":{"rendered":"https:\/\/libreriahistoriasdebolsillo.com\/?post_type=product&#038;p=2919"},"modified":"2024-01-02T15:47:32","modified_gmt":"2024-01-02T21:47:32","slug":"el-mapa-de-los-anhelos","status":"publish","type":"product","link":"https:\/\/libreriahistoriasdebolsillo.com\/index.php\/producto\/el-mapa-de-los-anhelos\/","title":{"rendered":"El mapa de los anhelos"},"content":{"rendered":"<p>\u00bfY si te diesen un mapa para descubrir qui\u00e9n eres?<\/p>\n<p>\u00bfSeguir\u00edas la ruta marcada hasta el final?<\/p>\n<p>Imagina que est\u00e1s destinada a salvar a tu hermana, pero al final ella muere y la raz\u00f3n de tu existencia se desvanece. Eso es lo que le ocurre a Grace Peterson, la chica que siempre se ha sentido invisible, la que nunca ha salido de Nebraska, la que colecciona palabras y ve pasar los d\u00edas refugiada en la monoton\u00eda. Hasta que llega a sus manos el juego de\u00a0<em>El mapa de los anhelos<\/em>\u00a0y, siguiendo las instrucciones, lo primero que debe hacer es encontrar a alguien llamado Will Tucker, del que nunca ha o\u00eddo hablar y que est\u00e1 a punto de embarcarse con ella en un viaje directo al coraz\u00f3n, lleno de vulnerabilidades y sue\u00f1os olvidados, anhelos y afectos inesperados. Pero \u00bfes posible avanzar cuando los secretos comienzan a pesar demasiado? \u00bfQui\u00e9n es qui\u00e9n en esta historia?<\/p>\n","protected":false},"excerpt":{"rendered":"<p>Alice Kellen<\/p>\n","protected":false},"featured_media":2920,"template":"","meta":{"_joinchat":[]},"product_brand":[],"product_cat":[52,35],"product_tag":[45],"class_list":{"0":"post-2919","1":"product","2":"type-product","3":"status-publish","4":"has-post-thumbnail","6":"product_cat-juvenil","7":"product_cat-romantica","8":"product_tag-planeta","10":"first","11":"outofstock","12":"shipping-taxable","13":"purchasable","14":"product-type-simple"},"_links":{"self":[{"href":"https:\/\/libreriahistoriasdebolsillo.com\/index.php\/wp-json\/wp\/v2\/product\/2919","targetHints":{"allow":["GET"]}}],"collection":[{"href":"https:\/\/libreriahistoriasdebolsillo.com\/index.php\/wp-json\/wp\/v2\/product"}],"about":[{"href":"https:\/\/libreriahistoriasdebolsillo.com\/index.php\/wp-json\/wp\/v2\/types\/product"}],"wp:featuredmedia":[{"embeddable":true,"href":"https:\/\/libreriahistoriasdebolsillo.com\/index.php\/wp-json\/wp\/v2\/media\/2920"}],"wp:attachment":[{"href":"https:\/\/libreriahistoriasdebolsillo.com\/index.php\/wp-json\/wp\/v2\/media?parent=2919"}],"wp:term":[{"taxonomy":"product_brand","embeddable":true,"href":"https:\/\/libreriahistoriasdebolsillo.com\/index.php\/wp-json\/wp\/v2\/product_brand?post=2919"},{"taxonomy":"product_cat","embeddable":true,"href":"https:\/\/libreriahistoriasdebolsillo.com\/index.php\/wp-json\/wp\/v2\/product_cat?post=2919"},{"taxonomy":"product_tag","embeddable":true,"href":"https:\/\/libreriahistoriasdebolsillo.com\/index.php\/wp-json\/wp\/v2\/product_tag?post=2919"}],"curies":[{"name":"wp","href":"https:\/\/api.w.org\/{rel}","templated":true}]}}