{"id":2941,"date":"2023-12-13T10:39:00","date_gmt":"2023-12-13T16:39:00","guid":{"rendered":"https:\/\/libreriahistoriasdebolsillo.com\/?post_type=product&#038;p=2941"},"modified":"2025-10-23T10:56:50","modified_gmt":"2025-10-23T16:56:50","slug":"alguien-a-quien-conoces","status":"publish","type":"product","link":"https:\/\/libreriahistoriasdebolsillo.com\/index.php\/producto\/alguien-a-quien-conoces\/","title":{"rendered":"Alguien a quien conoces"},"content":{"rendered":"<p>En un tranquilo barrio residencial de\u00a0<b>Nueva York<\/b>, un barrio de calles arboladas y acogedoras familias, algunos hogares han recibido una nota an\u00f3nima: \u00abMe resulta muy dif\u00edcil escribir esta carta. Espero que no nos odie. Hace poco mi hijo entr\u00f3 en su casa cuando usted estaba fuera.\u00bb<\/p>\n<p>Un chico ha estado curioseando en las casas y en las computadoras de sus due\u00f1os. \u00bfQui\u00e9n es y qu\u00e9 ha descubierto? Mientras los\u00a0<b>rumores\u00a0<\/b>empiezan a circular y las sospechas aumentan,<b>\u00a0una mujer aparece asesinada\u00a0<\/b>y la tensi\u00f3n llega a un punto insostenible. \u00bfEst\u00e1n relacionados estos hechos? \u00bfQui\u00e9n sabe m\u00e1s de lo que deja entrever? \u00bfY hasta d\u00f3nde est\u00e1n dispuestos a llegar estos simp\u00e1ticos y apacibles vecinos para proteger sus secretos?<\/p>\n","protected":false},"excerpt":{"rendered":"<p>Shari Lapena<\/p>\n","protected":false},"featured_media":2942,"template":"","meta":{"_joinchat":[]},"product_brand":[],"product_cat":[37,51],"product_tag":[34],"class_list":{"0":"post-2941","1":"product","2":"type-product","3":"status-publish","4":"has-post-thumbnail","6":"product_cat-misterio-y-thriller","7":"product_cat-oferta","8":"product_tag-penguin-random-house","10":"first","11":"instock","12":"sale","13":"shipping-taxable","14":"purchasable","15":"product-type-simple"},"_links":{"self":[{"href":"https:\/\/libreriahistoriasdebolsillo.com\/index.php\/wp-json\/wp\/v2\/product\/2941","targetHints":{"allow":["GET"]}}],"collection":[{"href":"https:\/\/libreriahistoriasdebolsillo.com\/index.php\/wp-json\/wp\/v2\/product"}],"about":[{"href":"https:\/\/libreriahistoriasdebolsillo.com\/index.php\/wp-json\/wp\/v2\/types\/product"}],"wp:featuredmedia":[{"embeddable":true,"href":"https:\/\/libreriahistoriasdebolsillo.com\/index.php\/wp-json\/wp\/v2\/media\/2942"}],"wp:attachment":[{"href":"https:\/\/libreriahistoriasdebolsillo.com\/index.php\/wp-json\/wp\/v2\/media?parent=2941"}],"wp:term":[{"taxonomy":"product_brand","embeddable":true,"href":"https:\/\/libreriahistoriasdebolsillo.com\/index.php\/wp-json\/wp\/v2\/product_brand?post=2941"},{"taxonomy":"product_cat","embeddable":true,"href":"https:\/\/libreriahistoriasdebolsillo.com\/index.php\/wp-json\/wp\/v2\/product_cat?post=2941"},{"taxonomy":"product_tag","embeddable":true,"href":"https:\/\/libreriahistoriasdebolsillo.com\/index.php\/wp-json\/wp\/v2\/product_tag?post=2941"}],"curies":[{"name":"wp","href":"https:\/\/api.w.org\/{rel}","templated":true}]}}