{"id":2992,"date":"2023-12-13T12:15:52","date_gmt":"2023-12-13T18:15:52","guid":{"rendered":"https:\/\/libreriahistoriasdebolsillo.com\/?post_type=product&#038;p=2992"},"modified":"2024-02-17T13:39:19","modified_gmt":"2024-02-17T19:39:19","slug":"la-depresion-no-existe","status":"publish","type":"product","link":"https:\/\/libreriahistoriasdebolsillo.com\/index.php\/producto\/la-depresion-no-existe\/","title":{"rendered":"La depresi\u00f3n (no) existe"},"content":{"rendered":"<p><b>Un manual b\u00e1sico para quienes conocen a alguien con este trastorno, pero tambi\u00e9n un libro para que el p\u00fablico en general entienda en qu\u00e9 consiste esta enfermedad que, seg\u00fan la OMS, afecta a m\u00e1s de trescientos millones de personas en el mundo.<\/b><\/p>\n<p>Estas son algunas de las reacciones que las personas que sufren de depresi\u00f3n escuchan al confesar su enfermedad. Cuando alguien nos dice que est\u00e1 deprimido (no que est\u00e1 triste, sino que tiene depresi\u00f3n), lo m\u00e1s probable es que no sepamos qu\u00e9 contestarle ni c\u00f3mo hacer que se sienta mejor. En este libro encontrar\u00e1s\u00a0<b>explicaciones sencillas, sinceras e ilustradas<\/b>\u00a0para entender por qu\u00e9 la mayor\u00eda de los comentarios no son de gran ayuda. Esta es una\u00a0<b>gu\u00eda \u00fatil<\/b>\u00a0<b>para quienes no quieran causar da\u00f1o cuando hablen de depresi\u00f3n<\/b>, adem\u00e1s de una introducci\u00f3n clarificadora a esta enfermedad. Juan Carlos Rinc\u00f3n padece depresi\u00f3n y ha reunido en este libro los comentarios y consejos que ha recibido al hablar sobre su enfermedad y que, en su experiencia, m\u00e1s que ayudar han empeorado la situaci\u00f3n.<\/p>\n","protected":false},"excerpt":{"rendered":"<p>Juan Carlos Rinc\u00f3n Escalante<\/p>\n","protected":false},"featured_media":2993,"template":"","meta":{"_joinchat":[]},"product_brand":[],"product_cat":[58,41],"product_tag":[34],"class_list":{"0":"post-2992","1":"product","2":"type-product","3":"status-publish","4":"has-post-thumbnail","6":"product_cat-desarrollo-humano-y-superacion","7":"product_cat-desarrollo-humano","8":"product_tag-penguin-random-house","10":"first","11":"outofstock","12":"shipping-taxable","13":"purchasable","14":"product-type-simple"},"_links":{"self":[{"href":"https:\/\/libreriahistoriasdebolsillo.com\/index.php\/wp-json\/wp\/v2\/product\/2992","targetHints":{"allow":["GET"]}}],"collection":[{"href":"https:\/\/libreriahistoriasdebolsillo.com\/index.php\/wp-json\/wp\/v2\/product"}],"about":[{"href":"https:\/\/libreriahistoriasdebolsillo.com\/index.php\/wp-json\/wp\/v2\/types\/product"}],"wp:featuredmedia":[{"embeddable":true,"href":"https:\/\/libreriahistoriasdebolsillo.com\/index.php\/wp-json\/wp\/v2\/media\/2993"}],"wp:attachment":[{"href":"https:\/\/libreriahistoriasdebolsillo.com\/index.php\/wp-json\/wp\/v2\/media?parent=2992"}],"wp:term":[{"taxonomy":"product_brand","embeddable":true,"href":"https:\/\/libreriahistoriasdebolsillo.com\/index.php\/wp-json\/wp\/v2\/product_brand?post=2992"},{"taxonomy":"product_cat","embeddable":true,"href":"https:\/\/libreriahistoriasdebolsillo.com\/index.php\/wp-json\/wp\/v2\/product_cat?post=2992"},{"taxonomy":"product_tag","embeddable":true,"href":"https:\/\/libreriahistoriasdebolsillo.com\/index.php\/wp-json\/wp\/v2\/product_tag?post=2992"}],"curies":[{"name":"wp","href":"https:\/\/api.w.org\/{rel}","templated":true}]}}