{"id":3055,"date":"2023-12-18T18:22:03","date_gmt":"2023-12-19T00:22:03","guid":{"rendered":"https:\/\/libreriahistoriasdebolsillo.com\/?post_type=product&#038;p=3055"},"modified":"2024-03-12T13:37:55","modified_gmt":"2024-03-12T19:37:55","slug":"silence","status":"publish","type":"product","link":"https:\/\/libreriahistoriasdebolsillo.com\/index.php\/producto\/silence\/","title":{"rendered":"Silence"},"content":{"rendered":"<p>Quiz\u00e1 el\u00a0<b>hilo rojo<\/b>\u00a0te conecta a todas aquellas personas con las que est\u00e1s\u00a0<b>destinada<\/b>, con tus\u00a0<b>padres<\/b>,\u00a0<b>hermanos\u00a0<\/b>,\u00a0<b>amigos<\/b>,\u00a0<b>amantes<\/b>\u00a0e incluso tu\u00a0<b>mascota<\/b>.<\/p>\n<p>Con todas aquellas personas que ser\u00e1n tu\u00a0<b>alegr\u00eda<\/b>,\u00a0<b>tristeza<\/b>;<b>risas<\/b>\u00a0y\u00a0<b>llanto<\/b>. Aquellas que llenar\u00e1n de color tus d\u00edas grises y a las que t\u00fa har\u00e1s sentirse vivas.<\/p>\n<p>Aquellas que sin las que tu vida ser\u00eda solo silencio\u2026<\/p>\n","protected":false},"excerpt":{"rendered":"<p>Flor M. Salvador<\/p>\n","protected":false},"featured_media":3056,"template":"","meta":{"_joinchat":[]},"product_brand":[],"product_cat":[52,35],"product_tag":[34,57],"class_list":{"0":"post-3055","1":"product","2":"type-product","3":"status-publish","4":"has-post-thumbnail","6":"product_cat-juvenil","7":"product_cat-romantica","8":"product_tag-penguin-random-house","9":"product_tag-wattpad","11":"first","12":"outofstock","13":"shipping-taxable","14":"purchasable","15":"product-type-simple"},"_links":{"self":[{"href":"https:\/\/libreriahistoriasdebolsillo.com\/index.php\/wp-json\/wp\/v2\/product\/3055","targetHints":{"allow":["GET"]}}],"collection":[{"href":"https:\/\/libreriahistoriasdebolsillo.com\/index.php\/wp-json\/wp\/v2\/product"}],"about":[{"href":"https:\/\/libreriahistoriasdebolsillo.com\/index.php\/wp-json\/wp\/v2\/types\/product"}],"wp:featuredmedia":[{"embeddable":true,"href":"https:\/\/libreriahistoriasdebolsillo.com\/index.php\/wp-json\/wp\/v2\/media\/3056"}],"wp:attachment":[{"href":"https:\/\/libreriahistoriasdebolsillo.com\/index.php\/wp-json\/wp\/v2\/media?parent=3055"}],"wp:term":[{"taxonomy":"product_brand","embeddable":true,"href":"https:\/\/libreriahistoriasdebolsillo.com\/index.php\/wp-json\/wp\/v2\/product_brand?post=3055"},{"taxonomy":"product_cat","embeddable":true,"href":"https:\/\/libreriahistoriasdebolsillo.com\/index.php\/wp-json\/wp\/v2\/product_cat?post=3055"},{"taxonomy":"product_tag","embeddable":true,"href":"https:\/\/libreriahistoriasdebolsillo.com\/index.php\/wp-json\/wp\/v2\/product_tag?post=3055"}],"curies":[{"name":"wp","href":"https:\/\/api.w.org\/{rel}","templated":true}]}}