{"id":3083,"date":"2023-12-20T12:41:04","date_gmt":"2023-12-20T18:41:04","guid":{"rendered":"https:\/\/libreriahistoriasdebolsillo.com\/?post_type=product&#038;p=3083"},"modified":"2025-04-08T10:31:39","modified_gmt":"2025-04-08T16:31:39","slug":"meses-a-tu-lado-3-tres-meses","status":"publish","type":"product","link":"https:\/\/libreriahistoriasdebolsillo.com\/index.php\/producto\/meses-a-tu-lado-3-tres-meses\/","title":{"rendered":"Meses a tu lado 3. Tres meses"},"content":{"rendered":"<p><b>Jack Ross no cre\u00eda en el compromiso<\/b>, y hasta ahora no le hab\u00eda ido mal. La fantas\u00eda del amor verdadero, de ese cruce de miradas que te cambia la vida por completo, no era m\u00e1s que un argumento sobreexplotado de las pel\u00edculas que m\u00e1s sol\u00eda criticar.<\/p>\n<p>Por eso, \u00bfqu\u00e9 importaba que hubiera conocido a Jenna?<\/p>\n<p>\u00bfQu\u00e9 importaba si pasaban tanto tiempo juntos?<\/p>\n<p>\u00bfQu\u00e9 importaba si, poco a poco, iba abri\u00e9ndole su coraz\u00f3n?<\/p>\n<p>Y, sobre todo, \u00bfqu\u00e9 importaba el riesgo de que este se rompiera?<\/p>\n<p><b>En tres meses pueden ocurrir muchas cosas, y enamorarse es una de ellas.<\/b><\/p>\n<p>Jack Ross no iba a ser menos.<\/p>\n","protected":false},"excerpt":{"rendered":"<p>Joana Marcus<\/p>\n","protected":false},"featured_media":3084,"template":"","meta":{"_joinchat":[]},"product_brand":[],"product_cat":[52,35],"product_tag":[34,57],"class_list":{"0":"post-3083","1":"product","2":"type-product","3":"status-publish","4":"has-post-thumbnail","6":"product_cat-juvenil","7":"product_cat-romantica","8":"product_tag-penguin-random-house","9":"product_tag-wattpad","11":"first","12":"outofstock","13":"shipping-taxable","14":"purchasable","15":"product-type-simple"},"_links":{"self":[{"href":"https:\/\/libreriahistoriasdebolsillo.com\/index.php\/wp-json\/wp\/v2\/product\/3083","targetHints":{"allow":["GET"]}}],"collection":[{"href":"https:\/\/libreriahistoriasdebolsillo.com\/index.php\/wp-json\/wp\/v2\/product"}],"about":[{"href":"https:\/\/libreriahistoriasdebolsillo.com\/index.php\/wp-json\/wp\/v2\/types\/product"}],"wp:featuredmedia":[{"embeddable":true,"href":"https:\/\/libreriahistoriasdebolsillo.com\/index.php\/wp-json\/wp\/v2\/media\/3084"}],"wp:attachment":[{"href":"https:\/\/libreriahistoriasdebolsillo.com\/index.php\/wp-json\/wp\/v2\/media?parent=3083"}],"wp:term":[{"taxonomy":"product_brand","embeddable":true,"href":"https:\/\/libreriahistoriasdebolsillo.com\/index.php\/wp-json\/wp\/v2\/product_brand?post=3083"},{"taxonomy":"product_cat","embeddable":true,"href":"https:\/\/libreriahistoriasdebolsillo.com\/index.php\/wp-json\/wp\/v2\/product_cat?post=3083"},{"taxonomy":"product_tag","embeddable":true,"href":"https:\/\/libreriahistoriasdebolsillo.com\/index.php\/wp-json\/wp\/v2\/product_tag?post=3083"}],"curies":[{"name":"wp","href":"https:\/\/api.w.org\/{rel}","templated":true}]}}