{"id":3203,"date":"2024-01-10T18:01:36","date_gmt":"2024-01-11T00:01:36","guid":{"rendered":"https:\/\/libreriahistoriasdebolsillo.com\/?post_type=product&#038;p=3203"},"modified":"2024-01-10T18:01:36","modified_gmt":"2024-01-11T00:01:36","slug":"salvar-el-fuego","status":"publish","type":"product","link":"https:\/\/libreriahistoriasdebolsillo.com\/index.php\/producto\/salvar-el-fuego\/","title":{"rendered":"Salvar el fuego"},"content":{"rendered":"<p><b>\u00abLa llama de un f\u00f3sforo dura solo unos segundos, pero es capaz de incendiar un bosque.\u00bb<\/b><\/p>\n<p><i>Salvar el fuego\u00a0<\/i>es una historia que explora la capacidad de los seres humanos para cruzar\u00a0<b>las fronteras de la locura, el deseo y la venganza<\/b>.<\/p>\n<p>Marina es una core\u00f3grafa, casada, con tres hijos y una vida convencional. Jos\u00e9 Cuauht\u00e9moc proviene de los extremos de la sociedad, es un homicida condenado a cincuenta a\u00f1os de c\u00e1rcel, un le\u00f3n detr\u00e1s del cristal, siempre amenazante y listo para atacar. Entre ambos se desarrolla una relaci\u00f3n improbable. Poco a poco, ella entra en un mundo desconocido y brutal hasta que desciende a las entra\u00f1as mismas del fuego.<\/p>\n<p><b>De tintes shakespearianos, ritmo trepidante y gran tensi\u00f3n, esta novela relata las paradojas de un pa\u00eds y las contradicciones m\u00e1s feroces del amor y la esperanza.<\/b><\/p>\n<p>Con esta obra escrita desde diversos puntos de vista y en diferentes tiempos narrativos, Arriaga se sit\u00faa entre los escritores m\u00e1s arriesgados y apasionantes de la literatura actual.<\/p>\n<p>\u00abNarra con intensidad y dinamismo una historia de violencia en el M\u00e9xico contempor\u00e1neo donde el amor y la redenci\u00f3n a\u00fan son posibles. El autor se sirve tanto de una extraordinaria fuerza visual como de la recreaci\u00f3n y reinvenci\u00f3n del lenguaje coloquial para lograr una obra de inquietante verosimilitud.\u00bb<\/p>\n","protected":false},"excerpt":{"rendered":"<p>Guillermo Arriaga<\/p>\n","protected":false},"featured_media":3204,"template":"","meta":{"_joinchat":[]},"product_brand":[],"product_cat":[33],"product_tag":[34],"class_list":{"0":"post-3203","1":"product","2":"type-product","3":"status-publish","4":"has-post-thumbnail","6":"product_cat-ficcion-general","7":"product_tag-penguin-random-house","9":"first","10":"outofstock","11":"shipping-taxable","12":"purchasable","13":"product-type-simple"},"_links":{"self":[{"href":"https:\/\/libreriahistoriasdebolsillo.com\/index.php\/wp-json\/wp\/v2\/product\/3203","targetHints":{"allow":["GET"]}}],"collection":[{"href":"https:\/\/libreriahistoriasdebolsillo.com\/index.php\/wp-json\/wp\/v2\/product"}],"about":[{"href":"https:\/\/libreriahistoriasdebolsillo.com\/index.php\/wp-json\/wp\/v2\/types\/product"}],"wp:featuredmedia":[{"embeddable":true,"href":"https:\/\/libreriahistoriasdebolsillo.com\/index.php\/wp-json\/wp\/v2\/media\/3204"}],"wp:attachment":[{"href":"https:\/\/libreriahistoriasdebolsillo.com\/index.php\/wp-json\/wp\/v2\/media?parent=3203"}],"wp:term":[{"taxonomy":"product_brand","embeddable":true,"href":"https:\/\/libreriahistoriasdebolsillo.com\/index.php\/wp-json\/wp\/v2\/product_brand?post=3203"},{"taxonomy":"product_cat","embeddable":true,"href":"https:\/\/libreriahistoriasdebolsillo.com\/index.php\/wp-json\/wp\/v2\/product_cat?post=3203"},{"taxonomy":"product_tag","embeddable":true,"href":"https:\/\/libreriahistoriasdebolsillo.com\/index.php\/wp-json\/wp\/v2\/product_tag?post=3203"}],"curies":[{"name":"wp","href":"https:\/\/api.w.org\/{rel}","templated":true}]}}