{"id":3217,"date":"2024-01-12T14:37:29","date_gmt":"2024-01-12T20:37:29","guid":{"rendered":"https:\/\/libreriahistoriasdebolsillo.com\/?post_type=product&#038;p=3217"},"modified":"2024-01-20T18:40:13","modified_gmt":"2024-01-21T00:40:13","slug":"as-the-gods-will-vol-1","status":"publish","type":"product","link":"https:\/\/libreriahistoriasdebolsillo.com\/index.php\/producto\/as-the-gods-will-vol-1\/","title":{"rendered":"As the gods will Vol. 1"},"content":{"rendered":"<p><b>Shun Takahata\u00a0<\/b>est\u00e1 harto de la monoton\u00eda de la vida, pero las cosas cambian de repente un d\u00eda cuando, en plena clase y sin previo aviso, \u00e9l y sus compa\u00f1eros de instituto son testigos de c\u00f3mo al profesor\u00a0<b>le estalla la cabeza<\/b>. En ese instante, un misterioso mu\u00f1eco daruma aparece ante ellos y los obliga a participar en lo que a primera vista son unos inocentes juegos infantiles. Sin embargo, la realidad los dejar\u00e1 at\u00f3nitos: quienes no sigan las reglas del juego o quienes pierdan la partida morir\u00e1n en el acto de forma atroz. Desconcertados y sin entender los motivos de ese\u00a0<b>s\u00e1dico plan<\/b>, los estudiantes arriesgar\u00e1n sus vidas para\u00a0<b>sobrevivir<\/b>, aunque ello implique dejar de lado su humanidad y traicionar a sus amigos de la infancia.<\/p>\n","protected":false},"excerpt":{"rendered":"<p>Muneyuki Kaneshiro y Akeji Fujimura<\/p>\n","protected":false},"featured_media":3218,"template":"","meta":{"_joinchat":[]},"product_brand":[],"product_cat":[67],"product_tag":[34],"class_list":{"0":"post-3217","1":"product","2":"type-product","3":"status-publish","4":"has-post-thumbnail","6":"product_cat-manga","7":"product_tag-penguin-random-house","9":"first","10":"outofstock","11":"shipping-taxable","12":"purchasable","13":"product-type-simple"},"_links":{"self":[{"href":"https:\/\/libreriahistoriasdebolsillo.com\/index.php\/wp-json\/wp\/v2\/product\/3217","targetHints":{"allow":["GET"]}}],"collection":[{"href":"https:\/\/libreriahistoriasdebolsillo.com\/index.php\/wp-json\/wp\/v2\/product"}],"about":[{"href":"https:\/\/libreriahistoriasdebolsillo.com\/index.php\/wp-json\/wp\/v2\/types\/product"}],"wp:featuredmedia":[{"embeddable":true,"href":"https:\/\/libreriahistoriasdebolsillo.com\/index.php\/wp-json\/wp\/v2\/media\/3218"}],"wp:attachment":[{"href":"https:\/\/libreriahistoriasdebolsillo.com\/index.php\/wp-json\/wp\/v2\/media?parent=3217"}],"wp:term":[{"taxonomy":"product_brand","embeddable":true,"href":"https:\/\/libreriahistoriasdebolsillo.com\/index.php\/wp-json\/wp\/v2\/product_brand?post=3217"},{"taxonomy":"product_cat","embeddable":true,"href":"https:\/\/libreriahistoriasdebolsillo.com\/index.php\/wp-json\/wp\/v2\/product_cat?post=3217"},{"taxonomy":"product_tag","embeddable":true,"href":"https:\/\/libreriahistoriasdebolsillo.com\/index.php\/wp-json\/wp\/v2\/product_tag?post=3217"}],"curies":[{"name":"wp","href":"https:\/\/api.w.org\/{rel}","templated":true}]}}