{"id":3219,"date":"2024-01-12T14:39:43","date_gmt":"2024-01-12T20:39:43","guid":{"rendered":"https:\/\/libreriahistoriasdebolsillo.com\/?post_type=product&#038;p=3219"},"modified":"2026-03-12T15:20:18","modified_gmt":"2026-03-12T21:20:18","slug":"el-chico-y-el-perro","status":"publish","type":"product","link":"https:\/\/libreriahistoriasdebolsillo.com\/index.php\/producto\/el-chico-y-el-perro\/","title":{"rendered":"El chico y el perro"},"content":{"rendered":"<p>Tras el tsunami de 2011, un hombre encuentra un pastor alem\u00e1n callejero que se convierte en su fiel compa\u00f1ero y el de su madre, quien sufre demencia. Sin embargo, un d\u00eda el joven muere en un accidente de tr\u00e1fico y el animal es adoptado por otra persona, un ladr\u00f3n. A lo largo de la historia, este perro har\u00e1 de guardi\u00e1n para varios due\u00f1os, hasta encontrarse con su \u00faltimo amo, un ni\u00f1o que llevaba todo este tiempo busc\u00e1ndolo. Un emotivo relato que recorre Jap\u00f3n desde la zona afectada de Tohoku hasta Kyushu, mientras se cuenta la historia del \u00e9pico viaje de un perro y sus diferentes cuidadores.<\/p>\n","protected":false},"excerpt":{"rendered":"<p>Seishu Hase y Takashi Murakami<\/p>\n","protected":false},"featured_media":3220,"template":"","meta":{"_joinchat":[]},"product_brand":[],"product_cat":[67],"product_tag":[34],"class_list":{"0":"post-3219","1":"product","2":"type-product","3":"status-publish","4":"has-post-thumbnail","6":"product_cat-manga","7":"product_tag-penguin-random-house","9":"first","10":"instock","11":"shipping-taxable","12":"purchasable","13":"product-type-simple"},"_links":{"self":[{"href":"https:\/\/libreriahistoriasdebolsillo.com\/index.php\/wp-json\/wp\/v2\/product\/3219","targetHints":{"allow":["GET"]}}],"collection":[{"href":"https:\/\/libreriahistoriasdebolsillo.com\/index.php\/wp-json\/wp\/v2\/product"}],"about":[{"href":"https:\/\/libreriahistoriasdebolsillo.com\/index.php\/wp-json\/wp\/v2\/types\/product"}],"wp:featuredmedia":[{"embeddable":true,"href":"https:\/\/libreriahistoriasdebolsillo.com\/index.php\/wp-json\/wp\/v2\/media\/3220"}],"wp:attachment":[{"href":"https:\/\/libreriahistoriasdebolsillo.com\/index.php\/wp-json\/wp\/v2\/media?parent=3219"}],"wp:term":[{"taxonomy":"product_brand","embeddable":true,"href":"https:\/\/libreriahistoriasdebolsillo.com\/index.php\/wp-json\/wp\/v2\/product_brand?post=3219"},{"taxonomy":"product_cat","embeddable":true,"href":"https:\/\/libreriahistoriasdebolsillo.com\/index.php\/wp-json\/wp\/v2\/product_cat?post=3219"},{"taxonomy":"product_tag","embeddable":true,"href":"https:\/\/libreriahistoriasdebolsillo.com\/index.php\/wp-json\/wp\/v2\/product_tag?post=3219"}],"curies":[{"name":"wp","href":"https:\/\/api.w.org\/{rel}","templated":true}]}}