{"id":3230,"date":"2024-01-12T14:55:46","date_gmt":"2024-01-12T20:55:46","guid":{"rendered":"https:\/\/libreriahistoriasdebolsillo.com\/?post_type=product&#038;p=3230"},"modified":"2024-04-04T18:39:04","modified_gmt":"2024-04-05T00:39:04","slug":"trilogia-luna-3-luna-ascendente","status":"publish","type":"product","link":"https:\/\/libreriahistoriasdebolsillo.com\/index.php\/producto\/trilogia-luna-3-luna-ascendente\/","title":{"rendered":"Trilog\u00eda luna 3. Luna ascendente"},"content":{"rendered":"<p><b><i>Luna ascendente<\/i>, la esperada continuaci\u00f3n de\u00a0<i>Luna<\/i>, por uno de los mejores autores de ciencia ficci\u00f3n del mundo.<\/b><\/p>\n<p>Un centenar de a\u00f1os en el futuro se libra una guerra entre los Cinco Dragones, las cinco familias que controlan las principales empresas industriales de la Luna. Todos los clanes se desviven por trepar hasta lo m\u00e1s alto de la cadena alimentaria con estrategias como matrimonios de conveniencia, espionaje industrial, secuestros y asesinatos masivos.<\/p>\n<p>Gracias a su ingeniosa manipulaci\u00f3n pol\u00edtica y a su fuerza de voluntad, Lucas Corta consigue emerger de las cenizas de su empresa destruida y hacerse con el control de la Luna. Y la \u00fanica persona que puede pararlo es una c\u00e9lebre abogada lunar: su hermana Ariel.<\/p>\n<p><b>Ian MacDonald nos hace part\u00edcipes de la \u00faltima batalla de los Dragones por la soberan\u00eda absoluta en el trepidante final de la trilog\u00eda \u00abLuna\u00bb.<\/b><\/p>\n","protected":false},"excerpt":{"rendered":"<p>Ian Mcdonald<\/p>\n","protected":false},"featured_media":3231,"template":"","meta":{"_joinchat":[]},"product_brand":[],"product_cat":[40,51],"product_tag":[34],"class_list":{"0":"post-3230","1":"product","2":"type-product","3":"status-publish","4":"has-post-thumbnail","6":"product_cat-ciencia-ficcion","7":"product_cat-oferta","8":"product_tag-penguin-random-house","10":"first","11":"outofstock","12":"shipping-taxable","13":"purchasable","14":"product-type-simple"},"_links":{"self":[{"href":"https:\/\/libreriahistoriasdebolsillo.com\/index.php\/wp-json\/wp\/v2\/product\/3230","targetHints":{"allow":["GET"]}}],"collection":[{"href":"https:\/\/libreriahistoriasdebolsillo.com\/index.php\/wp-json\/wp\/v2\/product"}],"about":[{"href":"https:\/\/libreriahistoriasdebolsillo.com\/index.php\/wp-json\/wp\/v2\/types\/product"}],"wp:featuredmedia":[{"embeddable":true,"href":"https:\/\/libreriahistoriasdebolsillo.com\/index.php\/wp-json\/wp\/v2\/media\/3231"}],"wp:attachment":[{"href":"https:\/\/libreriahistoriasdebolsillo.com\/index.php\/wp-json\/wp\/v2\/media?parent=3230"}],"wp:term":[{"taxonomy":"product_brand","embeddable":true,"href":"https:\/\/libreriahistoriasdebolsillo.com\/index.php\/wp-json\/wp\/v2\/product_brand?post=3230"},{"taxonomy":"product_cat","embeddable":true,"href":"https:\/\/libreriahistoriasdebolsillo.com\/index.php\/wp-json\/wp\/v2\/product_cat?post=3230"},{"taxonomy":"product_tag","embeddable":true,"href":"https:\/\/libreriahistoriasdebolsillo.com\/index.php\/wp-json\/wp\/v2\/product_tag?post=3230"}],"curies":[{"name":"wp","href":"https:\/\/api.w.org\/{rel}","templated":true}]}}