{"id":3251,"date":"2024-01-12T15:18:54","date_gmt":"2024-01-12T21:18:54","guid":{"rendered":"https:\/\/libreriahistoriasdebolsillo.com\/?post_type=product&#038;p=3251"},"modified":"2024-08-16T13:46:58","modified_gmt":"2024-08-16T19:46:58","slug":"los-grandes-iniciados-pasta-dura","status":"publish","type":"product","link":"https:\/\/libreriahistoriasdebolsillo.com\/index.php\/producto\/los-grandes-iniciados-pasta-dura\/","title":{"rendered":"Los grandes iniciados (Pasta dura)"},"content":{"rendered":"<p>Los grandes iniciados es un libro de un escritor franc\u00e9s \u00c9douard Schur\u00e9 que se public\u00f3 por primera vez en 1889 y que hoy d\u00eda es considerada su obra maestra; que incluso ocupa un lugar importante dentro de la literatura esot\u00e9rica. En esta obra, Schur\u00e9 describe el camino seguido por los m\u00e1s importantes fundadores de religiones milenarias y otros renombrados fil\u00f3sofos de la antig\u00fcedad en b\u00fasqueda en su b\u00fasqueda del conocimiento esot\u00e9rico, tal como fue interpretado por el mismo escritor franc\u00e9s, quien se refiere a ellos como \u201cIniciados\u201d as\u00ed pues con esta obra, por siglos los lectores se han podido acercar a grandes personajes de la historia esot\u00e9rica, al igual que a sus corrientes de pensamiento, siendo estos \u201cIniciados\u201d: Rama, Krishna, Hermes, Trismegisto, Mois\u00e9s, Orfeo, Pit\u00e1goras, Plat\u00f3n, Zoroastro, Jesucristo y Buda; de igual forma, p\u00e1gina a p\u00e1gina \u00c9douard Schur\u00e9 expuso una noci\u00f3n de que todas estas personalidades religiosas y filos\u00f3ficas compart\u00edan un conocimiento esot\u00e9rico. Por ello, con esta nueva edici\u00f3n Integra con una nueva versi\u00f3n al espa\u00f1ol, el lector podr\u00e1 sumergirse en este camino esot\u00e9rico que le llevara a una reflexi\u00f3n a nivel personal y filos\u00f3fico sobre el pensamiento de la humanidad misma que se esconde en todas las religiones.<\/p>\n","protected":false},"excerpt":{"rendered":"<p>Edouard Schur\u00e9<\/p>\n","protected":false},"featured_media":3252,"template":"","meta":{"_joinchat":[]},"product_brand":[],"product_cat":[42,51],"product_tag":[47],"class_list":{"0":"post-3251","1":"product","2":"type-product","3":"status-publish","4":"has-post-thumbnail","6":"product_cat-literatura-clasica","7":"product_cat-oferta","8":"product_tag-editories-mexicanos-unidos","10":"first","11":"outofstock","12":"sale","13":"shipping-taxable","14":"purchasable","15":"product-type-simple"},"_links":{"self":[{"href":"https:\/\/libreriahistoriasdebolsillo.com\/index.php\/wp-json\/wp\/v2\/product\/3251","targetHints":{"allow":["GET"]}}],"collection":[{"href":"https:\/\/libreriahistoriasdebolsillo.com\/index.php\/wp-json\/wp\/v2\/product"}],"about":[{"href":"https:\/\/libreriahistoriasdebolsillo.com\/index.php\/wp-json\/wp\/v2\/types\/product"}],"wp:featuredmedia":[{"embeddable":true,"href":"https:\/\/libreriahistoriasdebolsillo.com\/index.php\/wp-json\/wp\/v2\/media\/3252"}],"wp:attachment":[{"href":"https:\/\/libreriahistoriasdebolsillo.com\/index.php\/wp-json\/wp\/v2\/media?parent=3251"}],"wp:term":[{"taxonomy":"product_brand","embeddable":true,"href":"https:\/\/libreriahistoriasdebolsillo.com\/index.php\/wp-json\/wp\/v2\/product_brand?post=3251"},{"taxonomy":"product_cat","embeddable":true,"href":"https:\/\/libreriahistoriasdebolsillo.com\/index.php\/wp-json\/wp\/v2\/product_cat?post=3251"},{"taxonomy":"product_tag","embeddable":true,"href":"https:\/\/libreriahistoriasdebolsillo.com\/index.php\/wp-json\/wp\/v2\/product_tag?post=3251"}],"curies":[{"name":"wp","href":"https:\/\/api.w.org\/{rel}","templated":true}]}}