{"id":3253,"date":"2024-01-12T15:23:32","date_gmt":"2024-01-12T21:23:32","guid":{"rendered":"https:\/\/libreriahistoriasdebolsillo.com\/?post_type=product&#038;p=3253"},"modified":"2025-03-29T17:07:47","modified_gmt":"2025-03-29T23:07:47","slug":"la-teoria-del-amor","status":"publish","type":"product","link":"https:\/\/libreriahistoriasdebolsillo.com\/index.php\/producto\/la-teoria-del-amor\/","title":{"rendered":"La teor\u00eda del amor"},"content":{"rendered":"<p>Dos f\u00edsicos rivales chocan en una vor\u00e1gine de disputas acad\u00e9micas y relaciones falsas en esta fant\u00e1stica comedia rom\u00e1ntica de la autora sensaci\u00f3n de TikTok Las m\u00faltiples vidas de la f\u00edsica te\u00f3rica Elsie Hannaway han acabado atrap\u00e1ndola. De d\u00eda es profesora adjunta. Se afana en corregir ex\u00e1menes y ense\u00f1ar termodin\u00e1mica con la esperanza de, alg\u00fan d\u00eda, conseguir la titularidad. De noche, complementa su inexistente sueldo ofreciendo el servicio de ser una novia falsa, lo cual lleva a cabo con \u00e9xito gracias a sus habilidades para caerle bien a la gente y encarnar cualquier versi\u00f3n de s\u00ed misma que necesite el cliente. Lo cierto es que es un trabajo estupendo&#8230; hasta que el Elsie-verso que tanto le ha costado construir se viene abajo. Jack Smith, el hermano arrogante e irritantemente atractivo de su cliente favorito, resulta ser el f\u00edsico experimentalista sin coraz\u00f3n que arruin\u00f3 la carrera de su mentor y min\u00f3 la reputaci\u00f3n de los te\u00f3ricos a nivel mundial. Y ese mismo Jack Smith, que es quien dirige el departamento de F\u00edsica del MIT, se interpone ahora entre Elsie y el trabajo de sus sue\u00f1os. Ella est\u00e1 dispuesta a poner en marcha una guerra de sabotaje acad\u00e9mico, pero&#8230; \u00bfqu\u00e9 son esas miradas tan largas y penetrantes? \u00bfC\u00f3mo es que, cuando est\u00e1 con \u00e9l, no tiene que ser una versi\u00f3n diferente de s\u00ed misma? \u00bfCaer en la \u00f3rbita de un experimentalista conseguir\u00e1 que, por fin, ponga en pr\u00e1ctica todas sus teor\u00edas sobre el amor?<\/p>\n","protected":false},"excerpt":{"rendered":"<p>Ali Hazelwood<\/p>\n","protected":false},"featured_media":3254,"template":"","meta":{"_joinchat":[]},"product_brand":[],"product_cat":[35],"product_tag":[73],"class_list":{"0":"post-3253","1":"product","2":"type-product","3":"status-publish","4":"has-post-thumbnail","6":"product_cat-romantica","7":"product_tag-contraluz","9":"first","10":"outofstock","11":"shipping-taxable","12":"purchasable","13":"product-type-simple"},"_links":{"self":[{"href":"https:\/\/libreriahistoriasdebolsillo.com\/index.php\/wp-json\/wp\/v2\/product\/3253","targetHints":{"allow":["GET"]}}],"collection":[{"href":"https:\/\/libreriahistoriasdebolsillo.com\/index.php\/wp-json\/wp\/v2\/product"}],"about":[{"href":"https:\/\/libreriahistoriasdebolsillo.com\/index.php\/wp-json\/wp\/v2\/types\/product"}],"wp:featuredmedia":[{"embeddable":true,"href":"https:\/\/libreriahistoriasdebolsillo.com\/index.php\/wp-json\/wp\/v2\/media\/3254"}],"wp:attachment":[{"href":"https:\/\/libreriahistoriasdebolsillo.com\/index.php\/wp-json\/wp\/v2\/media?parent=3253"}],"wp:term":[{"taxonomy":"product_brand","embeddable":true,"href":"https:\/\/libreriahistoriasdebolsillo.com\/index.php\/wp-json\/wp\/v2\/product_brand?post=3253"},{"taxonomy":"product_cat","embeddable":true,"href":"https:\/\/libreriahistoriasdebolsillo.com\/index.php\/wp-json\/wp\/v2\/product_cat?post=3253"},{"taxonomy":"product_tag","embeddable":true,"href":"https:\/\/libreriahistoriasdebolsillo.com\/index.php\/wp-json\/wp\/v2\/product_tag?post=3253"}],"curies":[{"name":"wp","href":"https:\/\/api.w.org\/{rel}","templated":true}]}}