{"id":3261,"date":"2024-01-12T15:33:11","date_gmt":"2024-01-12T21:33:11","guid":{"rendered":"https:\/\/libreriahistoriasdebolsillo.com\/?post_type=product&#038;p=3261"},"modified":"2025-03-27T16:39:59","modified_gmt":"2025-03-27T22:39:59","slug":"manana-y-manana-y-manana","status":"publish","type":"product","link":"https:\/\/libreriahistoriasdebolsillo.com\/index.php\/producto\/manana-y-manana-y-manana\/","title":{"rendered":"Ma\u00f1ana, y ma\u00f1ana, y ma\u00f1ana"},"content":{"rendered":"<div class=\"hidden-xs hidden-sm\">\n<p>Dos ni\u00f1os, Sam y Sadie, se conocen fortuitamente en un hospital. Sam lleva varias operaciones de una pierna, y Sadie est\u00e1 de visita debido a que su hermana \u00abtiene disenter\u00eda\u00bb. Ambos personajes siembran la semilla de una gran amistad a trav\u00e9s de los videojuegos. Despu\u00e9s de un lapso amplio, Sadie y Sam se vuelven a encontrar cuando ambos estudian en la universidad. Ese reencuentro marcar\u00e1 sus vidas de forma definitiva. Ambos personajes estar\u00e1n unidos por una amistad que no pasar\u00e1 al siguiente nivel por guardar una distancia necesaria y \u00e9tica que los mantenga como socios de su empresa de videojuegos. Gracias a su superproducci\u00f3n Ichigo se vuelven populares en el mundo de los gamers. Ichigo es un juego en el que uno puede escapar de los confines del cuerpo y las traiciones del coraz\u00f3n, en el que la muerte no significa m\u00e1s que una oportunidad para recomenzar y volver a jugar. La perfecci\u00f3n de los mundos que crean Sam y Sadie en sus videojuegos poco se parece a su realidad: un mundo imperfecto que despu\u00e9s del \u00e9xito traer\u00e1 dinero, fama, traici\u00f3n y tragedia.<\/p>\n<\/div>\n","protected":false},"excerpt":{"rendered":"<p>Gabrielle Zevin<\/p>\n","protected":false},"featured_media":3262,"template":"","meta":{"_joinchat":[]},"product_brand":[],"product_cat":[40,52],"product_tag":[74],"class_list":{"0":"post-3261","1":"product","2":"type-product","3":"status-publish","4":"has-post-thumbnail","6":"product_cat-ciencia-ficcion","7":"product_cat-juvenil","8":"product_tag-adn","10":"first","11":"outofstock","12":"shipping-taxable","13":"purchasable","14":"product-type-simple"},"_links":{"self":[{"href":"https:\/\/libreriahistoriasdebolsillo.com\/index.php\/wp-json\/wp\/v2\/product\/3261","targetHints":{"allow":["GET"]}}],"collection":[{"href":"https:\/\/libreriahistoriasdebolsillo.com\/index.php\/wp-json\/wp\/v2\/product"}],"about":[{"href":"https:\/\/libreriahistoriasdebolsillo.com\/index.php\/wp-json\/wp\/v2\/types\/product"}],"wp:featuredmedia":[{"embeddable":true,"href":"https:\/\/libreriahistoriasdebolsillo.com\/index.php\/wp-json\/wp\/v2\/media\/3262"}],"wp:attachment":[{"href":"https:\/\/libreriahistoriasdebolsillo.com\/index.php\/wp-json\/wp\/v2\/media?parent=3261"}],"wp:term":[{"taxonomy":"product_brand","embeddable":true,"href":"https:\/\/libreriahistoriasdebolsillo.com\/index.php\/wp-json\/wp\/v2\/product_brand?post=3261"},{"taxonomy":"product_cat","embeddable":true,"href":"https:\/\/libreriahistoriasdebolsillo.com\/index.php\/wp-json\/wp\/v2\/product_cat?post=3261"},{"taxonomy":"product_tag","embeddable":true,"href":"https:\/\/libreriahistoriasdebolsillo.com\/index.php\/wp-json\/wp\/v2\/product_tag?post=3261"}],"curies":[{"name":"wp","href":"https:\/\/api.w.org\/{rel}","templated":true}]}}