{"id":3333,"date":"2024-01-19T10:30:35","date_gmt":"2024-01-19T16:30:35","guid":{"rendered":"https:\/\/libreriahistoriasdebolsillo.com\/?post_type=product&#038;p=3333"},"modified":"2024-05-09T17:25:58","modified_gmt":"2024-05-09T23:25:58","slug":"temporada-de-huracanes","status":"publish","type":"product","link":"https:\/\/libreriahistoriasdebolsillo.com\/index.php\/producto\/temporada-de-huracanes\/","title":{"rendered":"Temporada de huracanes"},"content":{"rendered":"<p><b>Una novela cruda y desgarradora en la que el lector quedar\u00e1 envuelto, atrapado por las palabras y la atm\u00f3sfera de terrible, aunque gozosa, fatalidad.<\/b><\/p>\n<p>Un grupo de ni\u00f1os encuentra un cad\u00e1ver flotando en las aguas turbias de un canal de riego cercano a la rancher\u00eda de La Matosa. El cuerpo resulta ser de la Bruja, una mujer que hered\u00f3 dicho oficio de su madre fallecida, y a quienes los pobladores de esa zona rural respetaban y tem\u00edan.<\/p>\n<p>Tras el macabro hallazgo, las sospechas y habladur\u00edas recaer\u00e1n sobre un grupo de muchachos del pueblo, a quienes d\u00edas antes una vecina vio mientras hu\u00edan de casa de la hechicera, cargando lo que parec\u00eda ser un cuerpo inerte.<\/p>\n<p>A partir de ah\u00ed, los personajes involucrados en el crimen nos contar\u00e1n su historia mientras los lectores nos sumergimos en la vida de este lugar acosado por la miseria y el abandono, y donde convergen la violencia del erotismo m\u00e1s oscuro y las s\u00f3rdidas relaciones de poder.<\/p>\n","protected":false},"excerpt":{"rendered":"<p>Fernanda Melchor<\/p>\n","protected":false},"featured_media":3334,"template":"","meta":{"_joinchat":[]},"product_brand":[],"product_cat":[33,37],"product_tag":[34],"class_list":{"0":"post-3333","1":"product","2":"type-product","3":"status-publish","4":"has-post-thumbnail","6":"product_cat-ficcion-general","7":"product_cat-misterio-y-thriller","8":"product_tag-penguin-random-house","10":"first","11":"outofstock","12":"shipping-taxable","13":"purchasable","14":"product-type-simple"},"_links":{"self":[{"href":"https:\/\/libreriahistoriasdebolsillo.com\/index.php\/wp-json\/wp\/v2\/product\/3333","targetHints":{"allow":["GET"]}}],"collection":[{"href":"https:\/\/libreriahistoriasdebolsillo.com\/index.php\/wp-json\/wp\/v2\/product"}],"about":[{"href":"https:\/\/libreriahistoriasdebolsillo.com\/index.php\/wp-json\/wp\/v2\/types\/product"}],"wp:featuredmedia":[{"embeddable":true,"href":"https:\/\/libreriahistoriasdebolsillo.com\/index.php\/wp-json\/wp\/v2\/media\/3334"}],"wp:attachment":[{"href":"https:\/\/libreriahistoriasdebolsillo.com\/index.php\/wp-json\/wp\/v2\/media?parent=3333"}],"wp:term":[{"taxonomy":"product_brand","embeddable":true,"href":"https:\/\/libreriahistoriasdebolsillo.com\/index.php\/wp-json\/wp\/v2\/product_brand?post=3333"},{"taxonomy":"product_cat","embeddable":true,"href":"https:\/\/libreriahistoriasdebolsillo.com\/index.php\/wp-json\/wp\/v2\/product_cat?post=3333"},{"taxonomy":"product_tag","embeddable":true,"href":"https:\/\/libreriahistoriasdebolsillo.com\/index.php\/wp-json\/wp\/v2\/product_tag?post=3333"}],"curies":[{"name":"wp","href":"https:\/\/api.w.org\/{rel}","templated":true}]}}