{"id":3350,"date":"2024-01-20T10:54:55","date_gmt":"2024-01-20T16:54:55","guid":{"rendered":"https:\/\/libreriahistoriasdebolsillo.com\/?post_type=product&#038;p=3350"},"modified":"2024-12-19T12:47:33","modified_gmt":"2024-12-19T18:47:33","slug":"1000-cosas-inutiles-que-un-chico-deberia-saber-antes-de-ser-grande","status":"publish","type":"product","link":"https:\/\/libreriahistoriasdebolsillo.com\/index.php\/producto\/1000-cosas-inutiles-que-un-chico-deberia-saber-antes-de-ser-grande\/","title":{"rendered":"1000 cosas in\u00fatiles que un chico deber\u00eda saber antes de ser grande"},"content":{"rendered":"<p>Algunas de las 1.000 cosas in\u00fatiles que los chicos deben saber antes de crecer<br \/>\n&#8211; Una pulga puede saltar una distancia equivalente a 30 veces la longitud de su cuerpo. Para un humano, eso supondr\u00eda saltar el largo de un campo de f\u00fatbol.<br \/>\n&#8211; Los koalas pueden pasar toda su vida sin tomar agua.<br \/>\n&#8211; El cuac de un pato no produce eso. Y nadie saber por qu\u00e9.<br \/>\n&#8211; En el espacio, los astronautas no pueden llorar porque, debido a la falta de gravedad, las l\u00e1grimas no pueden fluir.<\/p>\n<p>y otros 996 datos tan in\u00fatiles como estos, sobre<br \/>\nanimales, ciencias, personajes famosos, deportes,<br \/>\nespect\u00e1culos, geograf\u00eda y mucho m\u00e1s,<br \/>\n\u00a1todo con mucho humor!<\/p>\n<p>Hay 1.000 razones para leer este libro<br \/>\ny ninguna para prestarlo.<\/p>\n","protected":false},"excerpt":{"rendered":"<p>Anibal Litvin<\/p>\n","protected":false},"featured_media":3351,"template":"","meta":{"_joinchat":[]},"product_brand":[],"product_cat":[54,52,41],"product_tag":[48],"class_list":{"0":"post-3350","1":"product","2":"type-product","3":"status-publish","4":"has-post-thumbnail","6":"product_cat-infantil","7":"product_cat-juvenil","8":"product_cat-desarrollo-humano","9":"product_tag-vr-editoras","11":"first","12":"instock","13":"shipping-taxable","14":"purchasable","15":"product-type-simple"},"_links":{"self":[{"href":"https:\/\/libreriahistoriasdebolsillo.com\/index.php\/wp-json\/wp\/v2\/product\/3350","targetHints":{"allow":["GET"]}}],"collection":[{"href":"https:\/\/libreriahistoriasdebolsillo.com\/index.php\/wp-json\/wp\/v2\/product"}],"about":[{"href":"https:\/\/libreriahistoriasdebolsillo.com\/index.php\/wp-json\/wp\/v2\/types\/product"}],"wp:featuredmedia":[{"embeddable":true,"href":"https:\/\/libreriahistoriasdebolsillo.com\/index.php\/wp-json\/wp\/v2\/media\/3351"}],"wp:attachment":[{"href":"https:\/\/libreriahistoriasdebolsillo.com\/index.php\/wp-json\/wp\/v2\/media?parent=3350"}],"wp:term":[{"taxonomy":"product_brand","embeddable":true,"href":"https:\/\/libreriahistoriasdebolsillo.com\/index.php\/wp-json\/wp\/v2\/product_brand?post=3350"},{"taxonomy":"product_cat","embeddable":true,"href":"https:\/\/libreriahistoriasdebolsillo.com\/index.php\/wp-json\/wp\/v2\/product_cat?post=3350"},{"taxonomy":"product_tag","embeddable":true,"href":"https:\/\/libreriahistoriasdebolsillo.com\/index.php\/wp-json\/wp\/v2\/product_tag?post=3350"}],"curies":[{"name":"wp","href":"https:\/\/api.w.org\/{rel}","templated":true}]}}