{"id":3406,"date":"2024-01-25T18:54:00","date_gmt":"2024-01-26T00:54:00","guid":{"rendered":"https:\/\/libreriahistoriasdebolsillo.com\/?post_type=product&#038;p=3406"},"modified":"2025-12-03T17:48:24","modified_gmt":"2025-12-03T23:48:24","slug":"delilah-green-pasa-de-todo","status":"publish","type":"product","link":"https:\/\/libreriahistoriasdebolsillo.com\/index.php\/producto\/delilah-green-pasa-de-todo\/","title":{"rendered":"Delilah Green pasa de todo"},"content":{"rendered":"<p>Una apasionada y astuta comedia rom\u00e1ntica queer sobre atreverse a arriesgar y aceptar el amor con todas sus complicaciones. Delilah Green jur\u00f3 no volver a Bright Falls, donde no le quedan m\u00e1s que recuerdos de su solitaria infancia en la que era poco m\u00e1s que una carga para su fr\u00eda y distante madrastra. Su vida est\u00e1 en Nueva York, donde su carrera como fot\u00f3grafa est\u00e1 tomando impulso y su cama nunca est\u00e1 vac\u00eda. De acuerdo, la acompa\u00f1a cada noche una mujer distinta, pero ya est\u00e1 bien as\u00ed. Cuando su hermanastra Astrid la presiona con un sutil sentimiento de culpa y un talonario de cinco cifras para ser la fot\u00f3grafa de su boda, a Delilah no le queda otro remedio que volver al pueblo al que una vez llam\u00f3 hogar. Su plan es llegar y marcharse en cuanto pueda\u0085 pero entonces ve a Claire Sutherland, una de las mejores amigas de Astrid, y decide que, despu\u00e9s de todo, quiz\u00e1 s\u00ed haya algo divertido que hacer en Bright Falls. Claire Sutherland es madre de una hija de once a\u00f1os a la que ha criado pr\u00e1cticamente sola, tiene que aguantar a su desastroso ex y es la encargada de una librer\u00eda, as\u00ed que su vida no tiene espacio para sorpresas. Y Delilah Green es una sorpresa muy poco bienvenida\u0085 al principio. Aunque se conocen desde hace a\u00f1os, no se conocen, por lo que a Claire la inquieta que Delilah sepa exactamente qu\u00e9 es lo que la hace saltar. Cuando se ven envueltas en el torbellino de preparativos para la boda, incluyendo una artima\u00f1a para salvar a Astrid de su horrible prometido, Claire comienza a dudar de su capacidad para resistirse a los encantos de Delilah. Y lo que es peor: empieza a pensar que tampoco quiere hacerlo.<\/p>\n","protected":false},"excerpt":{"rendered":"<p>Ashley Herring Blake<\/p>\n","protected":false},"featured_media":3407,"template":"","meta":{"_joinchat":[]},"product_brand":[],"product_cat":[52,38,15],"product_tag":[46],"class_list":{"0":"post-3406","1":"product","2":"type-product","3":"status-publish","4":"has-post-thumbnail","6":"product_cat-juvenil","7":"product_cat-lgbtq","8":"product_cat-sin-categorizar","9":"product_tag-ediciones-urano","11":"first","12":"outofstock","13":"shipping-taxable","14":"purchasable","15":"product-type-simple"},"_links":{"self":[{"href":"https:\/\/libreriahistoriasdebolsillo.com\/index.php\/wp-json\/wp\/v2\/product\/3406","targetHints":{"allow":["GET"]}}],"collection":[{"href":"https:\/\/libreriahistoriasdebolsillo.com\/index.php\/wp-json\/wp\/v2\/product"}],"about":[{"href":"https:\/\/libreriahistoriasdebolsillo.com\/index.php\/wp-json\/wp\/v2\/types\/product"}],"wp:featuredmedia":[{"embeddable":true,"href":"https:\/\/libreriahistoriasdebolsillo.com\/index.php\/wp-json\/wp\/v2\/media\/3407"}],"wp:attachment":[{"href":"https:\/\/libreriahistoriasdebolsillo.com\/index.php\/wp-json\/wp\/v2\/media?parent=3406"}],"wp:term":[{"taxonomy":"product_brand","embeddable":true,"href":"https:\/\/libreriahistoriasdebolsillo.com\/index.php\/wp-json\/wp\/v2\/product_brand?post=3406"},{"taxonomy":"product_cat","embeddable":true,"href":"https:\/\/libreriahistoriasdebolsillo.com\/index.php\/wp-json\/wp\/v2\/product_cat?post=3406"},{"taxonomy":"product_tag","embeddable":true,"href":"https:\/\/libreriahistoriasdebolsillo.com\/index.php\/wp-json\/wp\/v2\/product_tag?post=3406"}],"curies":[{"name":"wp","href":"https:\/\/api.w.org\/{rel}","templated":true}]}}