{"id":3410,"date":"2024-01-25T18:58:01","date_gmt":"2024-01-26T00:58:01","guid":{"rendered":"https:\/\/libreriahistoriasdebolsillo.com\/?post_type=product&#038;p=3410"},"modified":"2025-03-27T16:40:15","modified_gmt":"2025-03-27T22:40:15","slug":"las-diurnas","status":"publish","type":"product","link":"https:\/\/libreriahistoriasdebolsillo.com\/index.php\/producto\/las-diurnas\/","title":{"rendered":"Las diurnas"},"content":{"rendered":"<p>\u00c9RAMOS MUJERES ANTES DE QUE NOS CONVIRTIESEN EN BRUJAS, PERO YA NADIE SE ACUERDA. Londres, 1662 . Lawrence Skoefield, un joven acechado por una misteriosa enfermedad, comienza a trabajar como aprendiz de encuadernador bajo la tutela del solitario y arisco John Advent, quien insiste en una serie de normas de obligado cumplimiento: cerrar puertas y postigos mientras brille el sol y jam\u00e1s permitir que entre nadie en la biblioteca. Cuando dos mujeres son condenadas por brujer\u00eda en el condado de Suffolk y el maestro Advent recibe un encargo que lo obliga a viajar, la casa se despierta, hambrienta de sol. Las puertas y los postigos se abren, desafiando a cualquier llave. Una ma\u00f1ana, a Lawrence lo despierta el espectro de una joven de melena y ropajes p\u00e1lidos que lo conduce hasta el manuscrito m\u00e1s valioso y mejor escondido de John Advent. Bury St. Edmunds, 1645 . Avis Crowfoot, una curandera de veintid\u00f3s a\u00f1os, aguarda su juicio en la c\u00e1rcel junto a otro centenar de mujeres, todas acusadas de brujer\u00eda. Mientras esperan, Avis escribe con un ansia insaciable, consciente de que el tiempo se le agota. Sobre Hintlesham Hall y sus muertos. Sobre la maldici\u00f3n y la sangre que trajo consigo. Y sobre Cecily Darcy. Siempre sobre Cecily Darcy.<\/p>\n","protected":false},"excerpt":{"rendered":"<p>Andrea Tom\u00e9<\/p>\n","protected":false},"featured_media":3411,"template":"","meta":{"_joinchat":[]},"product_brand":[],"product_cat":[39,56],"product_tag":[46],"class_list":{"0":"post-3410","1":"product","2":"type-product","3":"status-publish","4":"has-post-thumbnail","6":"product_cat-fantasia","7":"product_cat-historica","8":"product_tag-ediciones-urano","10":"first","11":"instock","12":"shipping-taxable","13":"purchasable","14":"product-type-simple"},"_links":{"self":[{"href":"https:\/\/libreriahistoriasdebolsillo.com\/index.php\/wp-json\/wp\/v2\/product\/3410","targetHints":{"allow":["GET"]}}],"collection":[{"href":"https:\/\/libreriahistoriasdebolsillo.com\/index.php\/wp-json\/wp\/v2\/product"}],"about":[{"href":"https:\/\/libreriahistoriasdebolsillo.com\/index.php\/wp-json\/wp\/v2\/types\/product"}],"wp:featuredmedia":[{"embeddable":true,"href":"https:\/\/libreriahistoriasdebolsillo.com\/index.php\/wp-json\/wp\/v2\/media\/3411"}],"wp:attachment":[{"href":"https:\/\/libreriahistoriasdebolsillo.com\/index.php\/wp-json\/wp\/v2\/media?parent=3410"}],"wp:term":[{"taxonomy":"product_brand","embeddable":true,"href":"https:\/\/libreriahistoriasdebolsillo.com\/index.php\/wp-json\/wp\/v2\/product_brand?post=3410"},{"taxonomy":"product_cat","embeddable":true,"href":"https:\/\/libreriahistoriasdebolsillo.com\/index.php\/wp-json\/wp\/v2\/product_cat?post=3410"},{"taxonomy":"product_tag","embeddable":true,"href":"https:\/\/libreriahistoriasdebolsillo.com\/index.php\/wp-json\/wp\/v2\/product_tag?post=3410"}],"curies":[{"name":"wp","href":"https:\/\/api.w.org\/{rel}","templated":true}]}}