{"id":3420,"date":"2024-01-25T19:06:27","date_gmt":"2024-01-26T01:06:27","guid":{"rendered":"https:\/\/libreriahistoriasdebolsillo.com\/?post_type=product&#038;p=3420"},"modified":"2024-02-15T17:39:50","modified_gmt":"2024-02-15T23:39:50","slug":"los-lavanda","status":"publish","type":"product","link":"https:\/\/libreriahistoriasdebolsillo.com\/index.php\/producto\/los-lavanda\/","title":{"rendered":"Los lavanda"},"content":{"rendered":"<p>Washington D. C., principios de la d\u00e9cada de los 50. Un mundo de ideolog\u00eda pura, consumo de alcohol en exceso y expedientes secretos, dominado por personajes tan descomunales como Richard Nixon, Drew Pearson, Perle Mesta y Joe McCarthy. A esta ciudad agitada llega Timothy Laughlin, un hombre reci\u00e9n graduado de Fordham y un cat\u00f3lico devoto ansioso por unirse a la cruzada contra el comunismo. Un encuentro casual con Hawkins Fuller, un funcionario apuesto y despilfarrador del Departamento de Estado, lleva a Tim a conseguir su primer trabajo en Washington D. C. y, despu\u00e9s de las insinuaciones de Fuller, su primera historia de amor. Ahora, mientras McCarthy hace una apuesta cada vez m\u00e1s desesperada por el poder y las investigaciones internas se centran en los \u00absubversivos sexuales\u00bb en el gobierno, a Tim y a Fuller les resulta cada vez m\u00e1s peligroso llevar esta doble vida. Atrapado en una vor\u00e1gine de enga\u00f1os e intrigas, mientras se aferra a la amistad de una hermosa joven llamada Mary Johnson, Tim lucha por reconciliar sus convicciones pol\u00edticas, su amor por Dios y su amor por Fuller. Un enredo que terminar\u00e1 en un acto de traici\u00f3n sorprendente.<\/p>\n","protected":false},"excerpt":{"rendered":"<p>Thomas Mallon<\/p>\n","protected":false},"featured_media":3421,"template":"","meta":{"_joinchat":[]},"product_brand":[],"product_cat":[33,56,38],"product_tag":[46],"class_list":{"0":"post-3420","1":"product","2":"type-product","3":"status-publish","4":"has-post-thumbnail","6":"product_cat-ficcion-general","7":"product_cat-historica","8":"product_cat-lgbtq","9":"product_tag-ediciones-urano","11":"first","12":"outofstock","13":"shipping-taxable","14":"purchasable","15":"product-type-simple"},"_links":{"self":[{"href":"https:\/\/libreriahistoriasdebolsillo.com\/index.php\/wp-json\/wp\/v2\/product\/3420","targetHints":{"allow":["GET"]}}],"collection":[{"href":"https:\/\/libreriahistoriasdebolsillo.com\/index.php\/wp-json\/wp\/v2\/product"}],"about":[{"href":"https:\/\/libreriahistoriasdebolsillo.com\/index.php\/wp-json\/wp\/v2\/types\/product"}],"wp:featuredmedia":[{"embeddable":true,"href":"https:\/\/libreriahistoriasdebolsillo.com\/index.php\/wp-json\/wp\/v2\/media\/3421"}],"wp:attachment":[{"href":"https:\/\/libreriahistoriasdebolsillo.com\/index.php\/wp-json\/wp\/v2\/media?parent=3420"}],"wp:term":[{"taxonomy":"product_brand","embeddable":true,"href":"https:\/\/libreriahistoriasdebolsillo.com\/index.php\/wp-json\/wp\/v2\/product_brand?post=3420"},{"taxonomy":"product_cat","embeddable":true,"href":"https:\/\/libreriahistoriasdebolsillo.com\/index.php\/wp-json\/wp\/v2\/product_cat?post=3420"},{"taxonomy":"product_tag","embeddable":true,"href":"https:\/\/libreriahistoriasdebolsillo.com\/index.php\/wp-json\/wp\/v2\/product_tag?post=3420"}],"curies":[{"name":"wp","href":"https:\/\/api.w.org\/{rel}","templated":true}]}}