{"id":3426,"date":"2024-01-25T19:13:15","date_gmt":"2024-01-26T01:13:15","guid":{"rendered":"https:\/\/libreriahistoriasdebolsillo.com\/?post_type=product&#038;p=3426"},"modified":"2024-01-25T19:13:15","modified_gmt":"2024-01-26T01:13:15","slug":"paises-de-origen","status":"publish","type":"product","link":"https:\/\/libreriahistoriasdebolsillo.com\/index.php\/producto\/paises-de-origen\/","title":{"rendered":"Pa\u00edses de origen"},"content":{"rendered":"<p>En este deslumbrante debut, Javier Fuentes relata la tumultuosa y apasionada historia de amor entre dos j\u00f3venes procedentes de mundos muy distintos en el transcurso de un verano extraordinario en Espa\u00f1a. Una historia que invita a reflexionar sobre la identidad, las diferencias de clase, el sentimiento de pertenencia y el deseo. NUEVA YORK, 2007 Demetrio trabaja como repostero en el restaurante franc\u00e9s Le Bourrelet. Este ser\u00eda su s\u00e9ptimo a\u00f1o como p\u00e2tissier, pero el chef propietario, severo pero paternal, siente que el joven deber\u00eda seguir avanzando en su carrera. Cuando a Demetrio le ofrecen un puesto como jefe de reposter\u00eda en el restaurante Four Seasons, quiere aceptarlo, pero al ser inmigrante indocumentado, le falta algo crucial: papeles. Preocupado por ser descubierto, toma la dif\u00edcil decisi\u00f3n de volver definitivamente a su pa\u00eds natal, al que no ha regresado desde su infancia. Eso implicar\u00e1 dejar atr\u00e1s a la \u00fanica familia que conoce: su querido t\u00edo Chus, que lo crio y con quien a\u00fan vive. En el vuelo a Madrid, se sienta al lado del atractivo, bromista y sensible Jacobo, un estudiante de la Universidad de Nueva York que vuelve a casa con su familia, aristocr\u00e1tica y ultraconservadora, y al instante surge la qu\u00edmica entre ellos. En bares tenuemente iluminados de Madrid y en playas alejadas de la capital, la relaci\u00f3n sutil pero intensa de Demetrio y Jacobo se desenvuelve poco a poco. A Demetrio le tortura el miedo a la intimidad y la ansiedad por su diferencia de clase. A ambos les cuesta aceptar sus identidades y sexualidades, y evitan sus verdaderos sentimientos hasta que una tragedia familiar hace que sus vidas vuelvan a colisionar. Poderosamente sensual y dram\u00e1tica, Pa\u00edses de origen es una historia que nos sumerge en emociones intensas y en conflictos de amor y de p\u00e9rdida..<\/p>\n","protected":false},"excerpt":{"rendered":"<p>Javier Fuentes<\/p>\n","protected":false},"featured_media":3427,"template":"","meta":{"_joinchat":[]},"product_brand":[],"product_cat":[33,38],"product_tag":[46],"class_list":{"0":"post-3426","1":"product","2":"type-product","3":"status-publish","4":"has-post-thumbnail","6":"product_cat-ficcion-general","7":"product_cat-lgbtq","8":"product_tag-ediciones-urano","10":"first","11":"instock","12":"shipping-taxable","13":"purchasable","14":"product-type-simple"},"_links":{"self":[{"href":"https:\/\/libreriahistoriasdebolsillo.com\/index.php\/wp-json\/wp\/v2\/product\/3426","targetHints":{"allow":["GET"]}}],"collection":[{"href":"https:\/\/libreriahistoriasdebolsillo.com\/index.php\/wp-json\/wp\/v2\/product"}],"about":[{"href":"https:\/\/libreriahistoriasdebolsillo.com\/index.php\/wp-json\/wp\/v2\/types\/product"}],"wp:featuredmedia":[{"embeddable":true,"href":"https:\/\/libreriahistoriasdebolsillo.com\/index.php\/wp-json\/wp\/v2\/media\/3427"}],"wp:attachment":[{"href":"https:\/\/libreriahistoriasdebolsillo.com\/index.php\/wp-json\/wp\/v2\/media?parent=3426"}],"wp:term":[{"taxonomy":"product_brand","embeddable":true,"href":"https:\/\/libreriahistoriasdebolsillo.com\/index.php\/wp-json\/wp\/v2\/product_brand?post=3426"},{"taxonomy":"product_cat","embeddable":true,"href":"https:\/\/libreriahistoriasdebolsillo.com\/index.php\/wp-json\/wp\/v2\/product_cat?post=3426"},{"taxonomy":"product_tag","embeddable":true,"href":"https:\/\/libreriahistoriasdebolsillo.com\/index.php\/wp-json\/wp\/v2\/product_tag?post=3426"}],"curies":[{"name":"wp","href":"https:\/\/api.w.org\/{rel}","templated":true}]}}