{"id":3430,"date":"2024-01-25T19:17:26","date_gmt":"2024-01-26T01:17:26","guid":{"rendered":"https:\/\/libreriahistoriasdebolsillo.com\/?post_type=product&#038;p=3430"},"modified":"2024-10-14T16:59:53","modified_gmt":"2024-10-14T22:59:53","slug":"rivales-divinos","status":"publish","type":"product","link":"https:\/\/libreriahistoriasdebolsillo.com\/index.php\/producto\/rivales-divinos\/","title":{"rendered":"Cartas encantadas 1. Rivales divinos"},"content":{"rendered":"<p>Cuando dos j\u00f3venes periodistas rivales encuentran el amor a trav\u00e9s de una conexi\u00f3n m\u00e1gica, deber\u00e1n enfrentarse a las profundidades del infierno, en una guerra entre dioses, para sellar su destino para siempre. Despu\u00e9s de siglos de sue\u00f1o, los dioses vuelven a la guerra. Pero Iris Winnow, una joven de dieciocho a\u00f1os, solo quiere mantener unida a su familia. Su madre es adicta, y su hermano ha desaparecido de las l\u00edneas de combate. La mejor opci\u00f3n que tiene es ganar la promoci\u00f3n de columnista en el Oath Gazette. Para combatir sus preocupaciones, Iris le escribe cartas a su hermano y las coloca debajo de la puerta de su armario, donde desaparecen hasta caer en manos de Roman Kitt, su fr\u00edo y apuesto rival en el peri\u00f3dico. Cuando le responde a Iris de forma an\u00f3nima, los dos forjan una conexi\u00f3n que seguir\u00e1 a Iris hasta el frente de batalla: por su hermano, por el destino de la humanidad y por el amor. Sombra y hueso se une a Lore para crear Rivales divinos de Rebecca Ross, una novela de fantas\u00eda \u00e9pica con un toque de enemies to lovers y llena de esperanza, angustia y el poder incomparable del amor.<\/p>\n","protected":false},"excerpt":{"rendered":"<p>Rebecca Ross<\/p>\n","protected":false},"featured_media":3431,"template":"","meta":{"_joinchat":[]},"product_brand":[],"product_cat":[76],"product_tag":[46],"class_list":{"0":"post-3430","1":"product","2":"type-product","3":"status-publish","4":"has-post-thumbnail","6":"product_cat-romantasy","7":"product_tag-ediciones-urano","9":"first","10":"instock","11":"shipping-taxable","12":"purchasable","13":"product-type-simple"},"_links":{"self":[{"href":"https:\/\/libreriahistoriasdebolsillo.com\/index.php\/wp-json\/wp\/v2\/product\/3430","targetHints":{"allow":["GET"]}}],"collection":[{"href":"https:\/\/libreriahistoriasdebolsillo.com\/index.php\/wp-json\/wp\/v2\/product"}],"about":[{"href":"https:\/\/libreriahistoriasdebolsillo.com\/index.php\/wp-json\/wp\/v2\/types\/product"}],"wp:featuredmedia":[{"embeddable":true,"href":"https:\/\/libreriahistoriasdebolsillo.com\/index.php\/wp-json\/wp\/v2\/media\/3431"}],"wp:attachment":[{"href":"https:\/\/libreriahistoriasdebolsillo.com\/index.php\/wp-json\/wp\/v2\/media?parent=3430"}],"wp:term":[{"taxonomy":"product_brand","embeddable":true,"href":"https:\/\/libreriahistoriasdebolsillo.com\/index.php\/wp-json\/wp\/v2\/product_brand?post=3430"},{"taxonomy":"product_cat","embeddable":true,"href":"https:\/\/libreriahistoriasdebolsillo.com\/index.php\/wp-json\/wp\/v2\/product_cat?post=3430"},{"taxonomy":"product_tag","embeddable":true,"href":"https:\/\/libreriahistoriasdebolsillo.com\/index.php\/wp-json\/wp\/v2\/product_tag?post=3430"}],"curies":[{"name":"wp","href":"https:\/\/api.w.org\/{rel}","templated":true}]}}