{"id":3438,"date":"2024-01-25T19:25:42","date_gmt":"2024-01-26T01:25:42","guid":{"rendered":"https:\/\/libreriahistoriasdebolsillo.com\/?post_type=product&#038;p=3438"},"modified":"2024-01-25T19:25:42","modified_gmt":"2024-01-26T01:25:42","slug":"un-velo-escarlata","status":"publish","type":"product","link":"https:\/\/libreriahistoriasdebolsillo.com\/index.php\/producto\/un-velo-escarlata\/","title":{"rendered":"Un velo escarlata"},"content":{"rendered":"<p>La oscuridad viene a por nosotros, C\u00e9lie. Y tambi\u00e9n viene a por ti. Han pasado seis meses desde que C\u00e9lie pronunci\u00f3 sus votos sagrados y se uni\u00f3 a los Chasseurs como la primera cazadora en sus filas. Con su prometido Jean Luc como capit\u00e1n, est\u00e1 decidida a afianzarse en su nuevo rol y proteger Belterra como no pudo hacer con su hermana. Pero los susurros del pasado contin\u00faan persigui\u00e9ndola, y un nuevo mal se est\u00e1 alzando. A pesar de que sus amigos y su prometido han intentado protegerla de la oscuridad, ni su magia, ni sus espadas y ni siquiera la luz de las infinitas velas que le proporcionan pueden mantenerla a salvo de un monstruo que se esconde tras unas palabras bonitas y una sonrisa p\u00edcara. Ahora, C\u00e9lie tiene un nuevo motivo para temer a la oscuridad, porque algo (alguien) viene a por ella. Y cuanto m\u00e1s se acerca, m\u00e1s tentada se siente de ceder a los oscuros deseos de esa persona\u0085 y a los suyos propios. Mahurin vuelve a cautivarnos con una historia donde reina el romance, el misterio, la acci\u00f3n y las traiciones\u0085 \u00bfEst\u00e1s preparado para visitar Belterra?<\/p>\n","protected":false},"excerpt":{"rendered":"<p>Shelby Mahurin<\/p>\n","protected":false},"featured_media":3439,"template":"","meta":{"_joinchat":[]},"product_brand":[],"product_cat":[39],"product_tag":[46],"class_list":{"0":"post-3438","1":"product","2":"type-product","3":"status-publish","4":"has-post-thumbnail","6":"product_cat-fantasia","7":"product_tag-ediciones-urano","9":"first","10":"outofstock","11":"shipping-taxable","12":"purchasable","13":"product-type-simple"},"_links":{"self":[{"href":"https:\/\/libreriahistoriasdebolsillo.com\/index.php\/wp-json\/wp\/v2\/product\/3438","targetHints":{"allow":["GET"]}}],"collection":[{"href":"https:\/\/libreriahistoriasdebolsillo.com\/index.php\/wp-json\/wp\/v2\/product"}],"about":[{"href":"https:\/\/libreriahistoriasdebolsillo.com\/index.php\/wp-json\/wp\/v2\/types\/product"}],"wp:featuredmedia":[{"embeddable":true,"href":"https:\/\/libreriahistoriasdebolsillo.com\/index.php\/wp-json\/wp\/v2\/media\/3439"}],"wp:attachment":[{"href":"https:\/\/libreriahistoriasdebolsillo.com\/index.php\/wp-json\/wp\/v2\/media?parent=3438"}],"wp:term":[{"taxonomy":"product_brand","embeddable":true,"href":"https:\/\/libreriahistoriasdebolsillo.com\/index.php\/wp-json\/wp\/v2\/product_brand?post=3438"},{"taxonomy":"product_cat","embeddable":true,"href":"https:\/\/libreriahistoriasdebolsillo.com\/index.php\/wp-json\/wp\/v2\/product_cat?post=3438"},{"taxonomy":"product_tag","embeddable":true,"href":"https:\/\/libreriahistoriasdebolsillo.com\/index.php\/wp-json\/wp\/v2\/product_tag?post=3438"}],"curies":[{"name":"wp","href":"https:\/\/api.w.org\/{rel}","templated":true}]}}