{"id":3444,"date":"2024-01-26T11:30:54","date_gmt":"2024-01-26T17:30:54","guid":{"rendered":"https:\/\/libreriahistoriasdebolsillo.com\/?post_type=product&#038;p=3444"},"modified":"2025-02-14T18:22:33","modified_gmt":"2025-02-15T00:22:33","slug":"la-distancia-entre-nosotros","status":"publish","type":"product","link":"https:\/\/libreriahistoriasdebolsillo.com\/index.php\/producto\/la-distancia-entre-nosotros\/","title":{"rendered":"La distancia entre nosotros"},"content":{"rendered":"<p>Cuando sus padres cruzan la frontera ilegalmente en busca del sue\u00f1o americano, Reyna y sus hermanos se ven obligados a vivir con su abuela hasta que su familia pueda unirse nuevamente. Las cosas no salen seg\u00fan lo planeado y Reyna debe prepararse para ir a los Estados Unidos y vivir con un hombre que ha cautivado su imaginaci\u00f3n durante a\u00f1os: su padre ausente. Esta memoria muestra c\u00f3mo es tratar de asimilar una nueva cultura, un nuevo idioma y una nueva din\u00e1mica familiar. La galardonada autora Reyna Grande comparte su experiencia de cruzar la frontera Mexicana<\/p>\n","protected":false},"excerpt":{"rendered":"<p>Reyna Grande<\/p>\n","protected":false},"featured_media":3445,"template":"","meta":{"_joinchat":[]},"product_brand":[],"product_cat":[52],"product_tag":[48],"class_list":{"0":"post-3444","1":"product","2":"type-product","3":"status-publish","4":"has-post-thumbnail","6":"product_cat-juvenil","7":"product_tag-vr-editoras","9":"first","10":"outofstock","11":"shipping-taxable","12":"purchasable","13":"product-type-simple"},"_links":{"self":[{"href":"https:\/\/libreriahistoriasdebolsillo.com\/index.php\/wp-json\/wp\/v2\/product\/3444","targetHints":{"allow":["GET"]}}],"collection":[{"href":"https:\/\/libreriahistoriasdebolsillo.com\/index.php\/wp-json\/wp\/v2\/product"}],"about":[{"href":"https:\/\/libreriahistoriasdebolsillo.com\/index.php\/wp-json\/wp\/v2\/types\/product"}],"wp:featuredmedia":[{"embeddable":true,"href":"https:\/\/libreriahistoriasdebolsillo.com\/index.php\/wp-json\/wp\/v2\/media\/3445"}],"wp:attachment":[{"href":"https:\/\/libreriahistoriasdebolsillo.com\/index.php\/wp-json\/wp\/v2\/media?parent=3444"}],"wp:term":[{"taxonomy":"product_brand","embeddable":true,"href":"https:\/\/libreriahistoriasdebolsillo.com\/index.php\/wp-json\/wp\/v2\/product_brand?post=3444"},{"taxonomy":"product_cat","embeddable":true,"href":"https:\/\/libreriahistoriasdebolsillo.com\/index.php\/wp-json\/wp\/v2\/product_cat?post=3444"},{"taxonomy":"product_tag","embeddable":true,"href":"https:\/\/libreriahistoriasdebolsillo.com\/index.php\/wp-json\/wp\/v2\/product_tag?post=3444"}],"curies":[{"name":"wp","href":"https:\/\/api.w.org\/{rel}","templated":true}]}}