{"id":3458,"date":"2024-01-26T12:27:06","date_gmt":"2024-01-26T18:27:06","guid":{"rendered":"https:\/\/libreriahistoriasdebolsillo.com\/?post_type=product&#038;p=3458"},"modified":"2025-11-26T18:07:16","modified_gmt":"2025-11-27T00:07:16","slug":"tomatelo-zen","status":"publish","type":"product","link":"https:\/\/libreriahistoriasdebolsillo.com\/index.php\/producto\/tomatelo-zen\/","title":{"rendered":"T\u00f3matelo Zen"},"content":{"rendered":"<p>Comienza tu viaje hacia una existencia llena de serenidad y prop\u00f3sito. El zen no es solo una filosof\u00eda, sino una actitud para abrazar el bienestar y la plenitud que siempre anhelaste. En T\u00f3matelo Zen encontrar\u00e1s un camino para crear tu propia paz interior a trav\u00e9s de pr\u00e1cticos consejos y t\u00e9cnicas de manejo emocional, obtendr\u00e1s las herramientas para enriquecer tu coraz\u00f3n.<\/p>\n","protected":false},"excerpt":{"rendered":"<p>Jinsim Hyoenjin y Victor Uribe<\/p>\n","protected":false},"featured_media":3459,"template":"","meta":{"_joinchat":[]},"product_brand":[],"product_cat":[58,41],"product_tag":[48],"class_list":{"0":"post-3458","1":"product","2":"type-product","3":"status-publish","4":"has-post-thumbnail","6":"product_cat-desarrollo-humano-y-superacion","7":"product_cat-desarrollo-humano","8":"product_tag-vr-editoras","10":"first","11":"outofstock","12":"shipping-taxable","13":"purchasable","14":"product-type-simple"},"_links":{"self":[{"href":"https:\/\/libreriahistoriasdebolsillo.com\/index.php\/wp-json\/wp\/v2\/product\/3458","targetHints":{"allow":["GET"]}}],"collection":[{"href":"https:\/\/libreriahistoriasdebolsillo.com\/index.php\/wp-json\/wp\/v2\/product"}],"about":[{"href":"https:\/\/libreriahistoriasdebolsillo.com\/index.php\/wp-json\/wp\/v2\/types\/product"}],"wp:featuredmedia":[{"embeddable":true,"href":"https:\/\/libreriahistoriasdebolsillo.com\/index.php\/wp-json\/wp\/v2\/media\/3459"}],"wp:attachment":[{"href":"https:\/\/libreriahistoriasdebolsillo.com\/index.php\/wp-json\/wp\/v2\/media?parent=3458"}],"wp:term":[{"taxonomy":"product_brand","embeddable":true,"href":"https:\/\/libreriahistoriasdebolsillo.com\/index.php\/wp-json\/wp\/v2\/product_brand?post=3458"},{"taxonomy":"product_cat","embeddable":true,"href":"https:\/\/libreriahistoriasdebolsillo.com\/index.php\/wp-json\/wp\/v2\/product_cat?post=3458"},{"taxonomy":"product_tag","embeddable":true,"href":"https:\/\/libreriahistoriasdebolsillo.com\/index.php\/wp-json\/wp\/v2\/product_tag?post=3458"}],"curies":[{"name":"wp","href":"https:\/\/api.w.org\/{rel}","templated":true}]}}