{"id":3475,"date":"2024-01-26T13:02:43","date_gmt":"2024-01-26T19:02:43","guid":{"rendered":"https:\/\/libreriahistoriasdebolsillo.com\/?post_type=product&#038;p=3475"},"modified":"2024-02-12T16:46:29","modified_gmt":"2024-02-12T22:46:29","slug":"brillaras","status":"publish","type":"product","link":"https:\/\/libreriahistoriasdebolsillo.com\/index.php\/producto\/brillaras\/","title":{"rendered":"Brill\u00e1ras"},"content":{"rendered":"<p>\u00bfQui\u00e9n dice que dos hermanas tienen que ser parecidas? Hilary y Valery son el agua y el aceite. Hilary es popular, exitosa y divertida. Val, en cambio, se define a s\u00ed misma como \u201cun desastre\u201d. la vida parece llevar un curso normal, sin embargo, todo se derrumba cuando Hilary muere. la familia queda al borde del abismo. con una madre devastada y un padre que se refugia en el trabajo Val se siente sola. la tristeza la domina, y justo cuando parece que nada tiene remedio, encuentra una lista de su hermana. Hilary dej\u00f3 bien claro qu\u00e9 quer\u00eda hacer antes de irse, pero no tuvo tiempo. Val decide entonces cumplir con los sue\u00f1os que su hermana dej\u00f3 inconclusos, aunque implique sumergirse en mundos donde jam\u00e1s habr\u00eda entrado. No sabe que, en realidad, est\u00e1 emprendiendo su propio camino. Un viaje de redescubrimiento en el que comprender\u00e1 que las personas no suelen ser lo que parecen. Que el \u201cdesastre\u201d que ella cre\u00eda ser no tiene nada que ver con lo que en realidad es.<\/p>\n","protected":false},"excerpt":{"rendered":"<p>Anna K. Franco<\/p>\n","protected":false},"featured_media":3476,"template":"","meta":{"_joinchat":[]},"product_brand":[],"product_cat":[52,35],"product_tag":[48],"class_list":{"0":"post-3475","1":"product","2":"type-product","3":"status-publish","4":"has-post-thumbnail","6":"product_cat-juvenil","7":"product_cat-romantica","8":"product_tag-vr-editoras","10":"first","11":"instock","12":"shipping-taxable","13":"purchasable","14":"product-type-simple"},"_links":{"self":[{"href":"https:\/\/libreriahistoriasdebolsillo.com\/index.php\/wp-json\/wp\/v2\/product\/3475","targetHints":{"allow":["GET"]}}],"collection":[{"href":"https:\/\/libreriahistoriasdebolsillo.com\/index.php\/wp-json\/wp\/v2\/product"}],"about":[{"href":"https:\/\/libreriahistoriasdebolsillo.com\/index.php\/wp-json\/wp\/v2\/types\/product"}],"wp:featuredmedia":[{"embeddable":true,"href":"https:\/\/libreriahistoriasdebolsillo.com\/index.php\/wp-json\/wp\/v2\/media\/3476"}],"wp:attachment":[{"href":"https:\/\/libreriahistoriasdebolsillo.com\/index.php\/wp-json\/wp\/v2\/media?parent=3475"}],"wp:term":[{"taxonomy":"product_brand","embeddable":true,"href":"https:\/\/libreriahistoriasdebolsillo.com\/index.php\/wp-json\/wp\/v2\/product_brand?post=3475"},{"taxonomy":"product_cat","embeddable":true,"href":"https:\/\/libreriahistoriasdebolsillo.com\/index.php\/wp-json\/wp\/v2\/product_cat?post=3475"},{"taxonomy":"product_tag","embeddable":true,"href":"https:\/\/libreriahistoriasdebolsillo.com\/index.php\/wp-json\/wp\/v2\/product_tag?post=3475"}],"curies":[{"name":"wp","href":"https:\/\/api.w.org\/{rel}","templated":true}]}}