{"id":3491,"date":"2024-01-26T13:22:45","date_gmt":"2024-01-26T19:22:45","guid":{"rendered":"https:\/\/libreriahistoriasdebolsillo.com\/?post_type=product&#038;p=3491"},"modified":"2025-02-14T16:53:59","modified_gmt":"2025-02-14T22:53:59","slug":"esta-noche-las-calles-son-nuestras","status":"publish","type":"product","link":"https:\/\/libreriahistoriasdebolsillo.com\/index.php\/producto\/esta-noche-las-calles-son-nuestras\/","title":{"rendered":"Esta noche las calles son nuestras"},"content":{"rendered":"<p>la vida muchas veces puede ser injusta. Arden Huntley siente eso. Ella siempre fue leal. Sus amigos y su familia la definen as\u00ed. Pero est\u00e1 cansada de serlo y de vivir preocup\u00e1ndose por personas que no la aprecian realmente. Incluso de su madre, que se march\u00f3 de su casa sin pensarlo dos veces. Y de su mejor amiga, que \u00faltimamente solo piensa en ella. Un d\u00eda, Arden se topa con el blog Esta noche las calles son nuestras, y comienza a leer las reflexiones de Peter, un joven neoyorkino, con quien cree tener muchas cosas en com\u00fan. al menos, \u00e9l s\u00ed parece entender c\u00f3mo es la vida. Arden quiere conocerlo. Necesita conocerlo. Por eso, viaja a Nueva York, pero solo tiene una noche. Una noche en la que todo puede suceder y en la que tendr\u00e1 que aprender que no todos son lo que aparentan. Incluso ella tal vez no sea esa persona tan segura de s\u00ed misma que siempre pens\u00f3 que era. \u201c\u00bfAlguna vez le\u00edste un libro, un blog o un ensayo y pensaste: Definitivamente, este autor es mi alma gemela? Entonces, podr\u00e1s comprender perfectamente Esta noche las calles son nuestras, pero no esperes la t\u00edpica historia de amor. la novela de Sales es sobre la familia, la amistad y sobre encontrarte a ti mismo en el caos de la vida.\u201d<\/p>\n","protected":false},"excerpt":{"rendered":"<p>Leila Sales<\/p>\n","protected":false},"featured_media":3492,"template":"","meta":{"_joinchat":[]},"product_brand":[],"product_cat":[52,35],"product_tag":[48],"class_list":{"0":"post-3491","1":"product","2":"type-product","3":"status-publish","4":"has-post-thumbnail","6":"product_cat-juvenil","7":"product_cat-romantica","8":"product_tag-vr-editoras","10":"first","11":"outofstock","12":"shipping-taxable","13":"purchasable","14":"product-type-simple"},"_links":{"self":[{"href":"https:\/\/libreriahistoriasdebolsillo.com\/index.php\/wp-json\/wp\/v2\/product\/3491","targetHints":{"allow":["GET"]}}],"collection":[{"href":"https:\/\/libreriahistoriasdebolsillo.com\/index.php\/wp-json\/wp\/v2\/product"}],"about":[{"href":"https:\/\/libreriahistoriasdebolsillo.com\/index.php\/wp-json\/wp\/v2\/types\/product"}],"wp:featuredmedia":[{"embeddable":true,"href":"https:\/\/libreriahistoriasdebolsillo.com\/index.php\/wp-json\/wp\/v2\/media\/3492"}],"wp:attachment":[{"href":"https:\/\/libreriahistoriasdebolsillo.com\/index.php\/wp-json\/wp\/v2\/media?parent=3491"}],"wp:term":[{"taxonomy":"product_brand","embeddable":true,"href":"https:\/\/libreriahistoriasdebolsillo.com\/index.php\/wp-json\/wp\/v2\/product_brand?post=3491"},{"taxonomy":"product_cat","embeddable":true,"href":"https:\/\/libreriahistoriasdebolsillo.com\/index.php\/wp-json\/wp\/v2\/product_cat?post=3491"},{"taxonomy":"product_tag","embeddable":true,"href":"https:\/\/libreriahistoriasdebolsillo.com\/index.php\/wp-json\/wp\/v2\/product_tag?post=3491"}],"curies":[{"name":"wp","href":"https:\/\/api.w.org\/{rel}","templated":true}]}}