{"id":3540,"date":"2024-01-26T15:22:31","date_gmt":"2024-01-26T21:22:31","guid":{"rendered":"https:\/\/libreriahistoriasdebolsillo.com\/?post_type=product&#038;p=3540"},"modified":"2025-06-12T17:23:07","modified_gmt":"2025-06-12T23:23:07","slug":"finales-de-ajedrez","status":"publish","type":"product","link":"https:\/\/libreriahistoriasdebolsillo.com\/index.php\/producto\/finales-de-ajedrez\/","title":{"rendered":"Finales de ajedrez"},"content":{"rendered":"<p>Has jugado siguiendo una estrategia de forma planificada, pero tu posible victoria se convierte en tablas o lo peor en una derrota. \u00bfQuieres comprender y dominar? En este libro te ofrecemos todas las respuestas para que consigas los mejores resultados en tus partidas, en este libro encontrar\u00e1s: Ejemplos pr\u00e1cticos para dominar la esencia. M\u00e1s de 90 ejercicios solucionados que potenciar\u00e1n tu comprensi\u00f3n y dominio.<\/p>\n","protected":false},"excerpt":{"rendered":"<p>Miguel Illescas<\/p>\n","protected":false},"featured_media":3541,"template":"","meta":{"_joinchat":[]},"product_brand":[],"product_cat":[41],"product_tag":[48],"class_list":{"0":"post-3540","1":"product","2":"type-product","3":"status-publish","4":"has-post-thumbnail","6":"product_cat-desarrollo-humano","7":"product_tag-vr-editoras","9":"first","10":"instock","11":"shipping-taxable","12":"purchasable","13":"product-type-simple"},"_links":{"self":[{"href":"https:\/\/libreriahistoriasdebolsillo.com\/index.php\/wp-json\/wp\/v2\/product\/3540","targetHints":{"allow":["GET"]}}],"collection":[{"href":"https:\/\/libreriahistoriasdebolsillo.com\/index.php\/wp-json\/wp\/v2\/product"}],"about":[{"href":"https:\/\/libreriahistoriasdebolsillo.com\/index.php\/wp-json\/wp\/v2\/types\/product"}],"wp:featuredmedia":[{"embeddable":true,"href":"https:\/\/libreriahistoriasdebolsillo.com\/index.php\/wp-json\/wp\/v2\/media\/3541"}],"wp:attachment":[{"href":"https:\/\/libreriahistoriasdebolsillo.com\/index.php\/wp-json\/wp\/v2\/media?parent=3540"}],"wp:term":[{"taxonomy":"product_brand","embeddable":true,"href":"https:\/\/libreriahistoriasdebolsillo.com\/index.php\/wp-json\/wp\/v2\/product_brand?post=3540"},{"taxonomy":"product_cat","embeddable":true,"href":"https:\/\/libreriahistoriasdebolsillo.com\/index.php\/wp-json\/wp\/v2\/product_cat?post=3540"},{"taxonomy":"product_tag","embeddable":true,"href":"https:\/\/libreriahistoriasdebolsillo.com\/index.php\/wp-json\/wp\/v2\/product_tag?post=3540"}],"curies":[{"name":"wp","href":"https:\/\/api.w.org\/{rel}","templated":true}]}}