{"id":3561,"date":"2024-01-26T15:40:50","date_gmt":"2024-01-26T21:40:50","guid":{"rendered":"https:\/\/libreriahistoriasdebolsillo.com\/?post_type=product&#038;p=3561"},"modified":"2025-02-14T16:57:59","modified_gmt":"2025-02-14T22:57:59","slug":"delirios-y-debilidades","status":"publish","type":"product","link":"https:\/\/libreriahistoriasdebolsillo.com\/index.php\/producto\/delirios-y-debilidades\/","title":{"rendered":"Delirios y debilidades"},"content":{"rendered":"<p>Cinco seres excepcionales se dan cita en este libro: Joan Mir\u00f3, Friedrich H\u00f6lderlin, Ram\u00f3n Mercader, Leopoldo Mar\u00eda Panero y Jacint Verdaguer. \u00bfDesde qu\u00e9 perspectiva analitica se contemplan estas figuras inclasificables? No se trata simplemente de cinco retratos de personales geniales, extremos, capaces de llegar a cotas a las que la mayor\u00eda no ha llegado. Gracias a la formaci\u00f3n y la orientaci\u00f3n de Jacques Lacan, renovada sin cesar por Jacques-Alain Miller, los autores de los estudios que conforman este libro examinan las enigm\u00e1ticas melod\u00edas de estos extraordinarios hombres, compuestas por sue\u00f1os, actos y obras revolucionarios, pero tambi\u00e9n por abismos y demonios.<\/p>\n","protected":false},"excerpt":{"rendered":"<p>J. Mir\u00f3, F. Holderlin, R. Mercader, L.M. Panero, J. Verdaguer<\/p>\n","protected":false},"featured_media":3562,"template":"","meta":{"_joinchat":[]},"product_brand":[],"product_cat":[41],"product_tag":[48],"class_list":{"0":"post-3561","1":"product","2":"type-product","3":"status-publish","4":"has-post-thumbnail","6":"product_cat-desarrollo-humano","7":"product_tag-vr-editoras","9":"first","10":"outofstock","11":"shipping-taxable","12":"purchasable","13":"product-type-simple"},"_links":{"self":[{"href":"https:\/\/libreriahistoriasdebolsillo.com\/index.php\/wp-json\/wp\/v2\/product\/3561","targetHints":{"allow":["GET"]}}],"collection":[{"href":"https:\/\/libreriahistoriasdebolsillo.com\/index.php\/wp-json\/wp\/v2\/product"}],"about":[{"href":"https:\/\/libreriahistoriasdebolsillo.com\/index.php\/wp-json\/wp\/v2\/types\/product"}],"wp:featuredmedia":[{"embeddable":true,"href":"https:\/\/libreriahistoriasdebolsillo.com\/index.php\/wp-json\/wp\/v2\/media\/3562"}],"wp:attachment":[{"href":"https:\/\/libreriahistoriasdebolsillo.com\/index.php\/wp-json\/wp\/v2\/media?parent=3561"}],"wp:term":[{"taxonomy":"product_brand","embeddable":true,"href":"https:\/\/libreriahistoriasdebolsillo.com\/index.php\/wp-json\/wp\/v2\/product_brand?post=3561"},{"taxonomy":"product_cat","embeddable":true,"href":"https:\/\/libreriahistoriasdebolsillo.com\/index.php\/wp-json\/wp\/v2\/product_cat?post=3561"},{"taxonomy":"product_tag","embeddable":true,"href":"https:\/\/libreriahistoriasdebolsillo.com\/index.php\/wp-json\/wp\/v2\/product_tag?post=3561"}],"curies":[{"name":"wp","href":"https:\/\/api.w.org\/{rel}","templated":true}]}}