{"id":3570,"date":"2024-01-26T15:49:42","date_gmt":"2024-01-26T21:49:42","guid":{"rendered":"https:\/\/libreriahistoriasdebolsillo.com\/?post_type=product&#038;p=3570"},"modified":"2025-02-14T16:56:50","modified_gmt":"2025-02-14T22:56:50","slug":"la-danza-de-amor-de-las-hadas","status":"publish","type":"product","link":"https:\/\/libreriahistoriasdebolsillo.com\/index.php\/producto\/la-danza-de-amor-de-las-hadas\/","title":{"rendered":"La danza de amor de las hadas"},"content":{"rendered":"<p>Tener cualidades maravillosas deber\u00eda ser suficiente para poder so\u00f1ar con una vida plena. Entonces \u00bfpor qu\u00e9 buscar la felicidad a trav\u00e9s de otras personas, cuando la magia est\u00e1 en tu interior? Quiz\u00e1s tan solo necesites una peque\u00f1a ayuda para dar el paso definitivo de tener fe ciega en ti. Aqu\u00ed tienes un hada madrina que te susurrar\u00e1 historias y consejos para sentirte al fin libre.<\/p>\n","protected":false},"excerpt":{"rendered":"<p>Rosetta Forner<\/p>\n","protected":false},"featured_media":3571,"template":"","meta":{"_joinchat":[]},"product_brand":[],"product_cat":[58,41,51],"product_tag":[48],"class_list":{"0":"post-3570","1":"product","2":"type-product","3":"status-publish","4":"has-post-thumbnail","6":"product_cat-desarrollo-humano-y-superacion","7":"product_cat-desarrollo-humano","8":"product_cat-oferta","9":"product_tag-vr-editoras","11":"first","12":"outofstock","13":"shipping-taxable","14":"purchasable","15":"product-type-simple"},"_links":{"self":[{"href":"https:\/\/libreriahistoriasdebolsillo.com\/index.php\/wp-json\/wp\/v2\/product\/3570","targetHints":{"allow":["GET"]}}],"collection":[{"href":"https:\/\/libreriahistoriasdebolsillo.com\/index.php\/wp-json\/wp\/v2\/product"}],"about":[{"href":"https:\/\/libreriahistoriasdebolsillo.com\/index.php\/wp-json\/wp\/v2\/types\/product"}],"wp:featuredmedia":[{"embeddable":true,"href":"https:\/\/libreriahistoriasdebolsillo.com\/index.php\/wp-json\/wp\/v2\/media\/3571"}],"wp:attachment":[{"href":"https:\/\/libreriahistoriasdebolsillo.com\/index.php\/wp-json\/wp\/v2\/media?parent=3570"}],"wp:term":[{"taxonomy":"product_brand","embeddable":true,"href":"https:\/\/libreriahistoriasdebolsillo.com\/index.php\/wp-json\/wp\/v2\/product_brand?post=3570"},{"taxonomy":"product_cat","embeddable":true,"href":"https:\/\/libreriahistoriasdebolsillo.com\/index.php\/wp-json\/wp\/v2\/product_cat?post=3570"},{"taxonomy":"product_tag","embeddable":true,"href":"https:\/\/libreriahistoriasdebolsillo.com\/index.php\/wp-json\/wp\/v2\/product_tag?post=3570"}],"curies":[{"name":"wp","href":"https:\/\/api.w.org\/{rel}","templated":true}]}}