{"id":3598,"date":"2024-02-09T15:49:01","date_gmt":"2024-02-09T21:49:01","guid":{"rendered":"https:\/\/libreriahistoriasdebolsillo.com\/?post_type=product&#038;p=3598"},"modified":"2025-11-26T18:08:20","modified_gmt":"2025-11-27T00:08:20","slug":"cuentos-de-amor","status":"publish","type":"product","link":"https:\/\/libreriahistoriasdebolsillo.com\/index.php\/producto\/cuentos-de-amor\/","title":{"rendered":"Cuentos de amor"},"content":{"rendered":"<p><b>Once relatos de amor de asombrosa belleza y refinado erotismo, muchos de ellos in\u00e9ditos, todos traducidos del japon\u00e9s.<\/b><\/p>\n<p><b>Tanizaki o el imperio de los sentidos.<\/b><\/p>\n<p><b>Para conmemorar los 50 a\u00f1os de su muerte, once relatos deslumbrantes, muchos de ellos in\u00e9ditos y traducidos por<\/b><\/p>\n<p><b>primera vez del japon\u00e9s: once caminos del amor y del deseo.<\/b><\/p>\n<p>Once\u00a0<b>relatos de amor\u00a0<\/b>de asombrosa belleza y refinado\u00a0<b>erotismo<\/b>. Estas once historias de perversidad inquietante, cuidadosamente escogidas entre la inmensa producci\u00f3n de uno de los grandes autores de la\u00a0<b>Modernidad japonesa<\/b>, abarcan veintis\u00e9is a\u00f1os del mejor Tanizaki: desde el cl\u00e1sico \u00abTatuaje\u00bb hasta el divertido \u00abLa gata, el amo y sus mujeres\u00bb, pasando por el turbador \u00abLos pies de Fumiko\u00bb o el magistral \u00abEl segador de ca\u00f1as\u00bb.<\/p>\n<p>Muchos de ellos in\u00e9ditos y traducidos por primera vez del japon\u00e9s, los\u00a0<b>cuentos<\/b>\u00a0seleccionados por el especialista de la\u00a0<b>literatura japonesa<\/b>\u00a0Carlos Rubio nos conducen con iron\u00eda, sensualidad y sabidur\u00eda a todas las facetas del amor y sus ramificaciones m\u00e1s transgresoras: sadomasoquismo, voyerismo, travestismo o fetichismo.<\/p>\n<p>Once caminos para adentrarnos en un gozoso imperio de los sentidos: un viaje del que el lector sale transformado.<\/p>\n","protected":false},"excerpt":{"rendered":"<p>Junichiro Tanizaki<\/p>\n","protected":false},"featured_media":3599,"template":"","meta":{"_joinchat":[]},"product_brand":[],"product_cat":[33,35],"product_tag":[34],"class_list":{"0":"post-3598","1":"product","2":"type-product","3":"status-publish","4":"has-post-thumbnail","6":"product_cat-ficcion-general","7":"product_cat-romantica","8":"product_tag-penguin-random-house","10":"first","11":"outofstock","12":"shipping-taxable","13":"purchasable","14":"product-type-simple"},"_links":{"self":[{"href":"https:\/\/libreriahistoriasdebolsillo.com\/index.php\/wp-json\/wp\/v2\/product\/3598","targetHints":{"allow":["GET"]}}],"collection":[{"href":"https:\/\/libreriahistoriasdebolsillo.com\/index.php\/wp-json\/wp\/v2\/product"}],"about":[{"href":"https:\/\/libreriahistoriasdebolsillo.com\/index.php\/wp-json\/wp\/v2\/types\/product"}],"wp:featuredmedia":[{"embeddable":true,"href":"https:\/\/libreriahistoriasdebolsillo.com\/index.php\/wp-json\/wp\/v2\/media\/3599"}],"wp:attachment":[{"href":"https:\/\/libreriahistoriasdebolsillo.com\/index.php\/wp-json\/wp\/v2\/media?parent=3598"}],"wp:term":[{"taxonomy":"product_brand","embeddable":true,"href":"https:\/\/libreriahistoriasdebolsillo.com\/index.php\/wp-json\/wp\/v2\/product_brand?post=3598"},{"taxonomy":"product_cat","embeddable":true,"href":"https:\/\/libreriahistoriasdebolsillo.com\/index.php\/wp-json\/wp\/v2\/product_cat?post=3598"},{"taxonomy":"product_tag","embeddable":true,"href":"https:\/\/libreriahistoriasdebolsillo.com\/index.php\/wp-json\/wp\/v2\/product_tag?post=3598"}],"curies":[{"name":"wp","href":"https:\/\/api.w.org\/{rel}","templated":true}]}}