{"id":3602,"date":"2024-02-09T15:55:09","date_gmt":"2024-02-09T21:55:09","guid":{"rendered":"https:\/\/libreriahistoriasdebolsillo.com\/?post_type=product&#038;p=3602"},"modified":"2025-11-26T18:08:31","modified_gmt":"2025-11-27T00:08:31","slug":"magnolia-parks","status":"publish","type":"product","link":"https:\/\/libreriahistoriasdebolsillo.com\/index.php\/producto\/magnolia-parks\/","title":{"rendered":"Universo Magnolia Parks 1. Magnolia Parks"},"content":{"rendered":"<p><b>Bienvenido a la alta sociedad Londinense, donde la mesa est\u00e1 servida y los corazones arden&#8230;<\/b><b>\u00a1Llega el fen\u00f3meno rom\u00e1ntico de TikTok!<\/b><\/p>\n<p><b>\u00bfCu\u00e1ntos amores te tocan en una vida?<\/b><\/p>\n<p>Ella es una preciosa, rica, ego\u00edsta y un poco caprichosa socialit\u00e9 londinense.<\/p>\n<p>\u00c9l es el chico malo m\u00e1s fotografiado de Inglaterra, y su rompecorazones particular.<\/p>\n<p>Todo el mundo sabe que Magnolia Parks y BJ Ballentine est\u00e1n hechos el uno para el otro.<\/p>\n<p>Pero el destino no parece estar de su parte. Por mucho que Magnolia intente poner distancia saliendo con otra gente y BJ se acueste con otras chicas para vengarse, siempre acaban volviendo a los brazos del otro.<\/p>\n<p>Entre las cicatrices de un viejo amor y los secretos que por ellas asoman, Magnolia y BJ se ver\u00e1n obligados a encararse para responder a la pregunta que llevan toda la vida evitando:<\/p>\n<p><b>\u00bfCu\u00e1ntos amores tienes realmente en una vida?<\/b><\/p>\n<p><b>Uno de los t\u00edtulos m\u00e1s virales de BookTok, recomendado por Millie Bobby Browny el primero de un universo que fascinar\u00e1 a los fans de<\/b>\u00a0<i><b>Gossip Girl<\/b><\/i><b>\u00a0y<\/b>\u00a0<i><b>El piso mil<\/b><\/i><b>.<\/b><\/p>\n","protected":false},"excerpt":{"rendered":"<p>Jessa Hastings<\/p>\n","protected":false},"featured_media":3603,"template":"","meta":{"_joinchat":[]},"product_brand":[],"product_cat":[52,35],"product_tag":[34],"class_list":{"0":"post-3602","1":"product","2":"type-product","3":"status-publish","4":"has-post-thumbnail","6":"product_cat-juvenil","7":"product_cat-romantica","8":"product_tag-penguin-random-house","10":"first","11":"outofstock","12":"shipping-taxable","13":"purchasable","14":"product-type-simple"},"_links":{"self":[{"href":"https:\/\/libreriahistoriasdebolsillo.com\/index.php\/wp-json\/wp\/v2\/product\/3602","targetHints":{"allow":["GET"]}}],"collection":[{"href":"https:\/\/libreriahistoriasdebolsillo.com\/index.php\/wp-json\/wp\/v2\/product"}],"about":[{"href":"https:\/\/libreriahistoriasdebolsillo.com\/index.php\/wp-json\/wp\/v2\/types\/product"}],"wp:featuredmedia":[{"embeddable":true,"href":"https:\/\/libreriahistoriasdebolsillo.com\/index.php\/wp-json\/wp\/v2\/media\/3603"}],"wp:attachment":[{"href":"https:\/\/libreriahistoriasdebolsillo.com\/index.php\/wp-json\/wp\/v2\/media?parent=3602"}],"wp:term":[{"taxonomy":"product_brand","embeddable":true,"href":"https:\/\/libreriahistoriasdebolsillo.com\/index.php\/wp-json\/wp\/v2\/product_brand?post=3602"},{"taxonomy":"product_cat","embeddable":true,"href":"https:\/\/libreriahistoriasdebolsillo.com\/index.php\/wp-json\/wp\/v2\/product_cat?post=3602"},{"taxonomy":"product_tag","embeddable":true,"href":"https:\/\/libreriahistoriasdebolsillo.com\/index.php\/wp-json\/wp\/v2\/product_tag?post=3602"}],"curies":[{"name":"wp","href":"https:\/\/api.w.org\/{rel}","templated":true}]}}