{"id":3608,"date":"2024-02-09T16:12:48","date_gmt":"2024-02-09T22:12:48","guid":{"rendered":"https:\/\/libreriahistoriasdebolsillo.com\/?post_type=product&#038;p=3608"},"modified":"2025-11-26T18:08:50","modified_gmt":"2025-11-27T00:08:50","slug":"el-futuro","status":"publish","type":"product","link":"https:\/\/libreriahistoriasdebolsillo.com\/index.php\/producto\/el-futuro\/","title":{"rendered":"El futuro"},"content":{"rendered":"<p><b>NAOMI ALDERMAN, la autora<\/b>\u00a0<b>bestseller<\/b><b>\u00a0internacional de El poder, nos<\/b>\u00a0<b>ofrece un deslumbrante tour de<\/b>\u00a0<b>force<\/b><b>\u00a0donde un grupo de amigos<\/b>\u00a0<b>planean un atrevido atraco para salvar al mundo de los gigantes<\/b>\u00a0<b>tecnol\u00f3gicos cuya codicia amenaza la vida tal y como la conocemos.<\/b><\/p>\n<p>Cuando\u00a0<b>Martha<\/b>\u00a0<b>Einkorn<\/b>\u00a0huy\u00f3 de la aislada granja de su padre en Oreg\u00f3n, nunca esper\u00f3 encontrarse trabajando para un poderoso magnate de las\u00a0<b>redes sociales<\/b>\u00a0empe\u00f1ado en controlarlo todo. Ahora est\u00e1 rodeada de grandes empresas que dise\u00f1an clima privado, an\u00e1lisis predictivos y\u00a0<b>armamento encubierto<\/b>, mientras lanzan profec\u00edas tecnol\u00f3gicas. Puede que Martha haya abandonado la\u00a0<b>secta<\/b>, pero si las advertencias apocal\u00edpticas del serm\u00f3n del zorro y elconejo de su padre (que alguna vez fue una par\u00e1bola para ella) est\u00e1n comenzando a hacerse realidad, \u00bfcu\u00e1nto futuro queda realmente?<\/p>\n<p>Al otro lado del mundo, en un centro comercial de Singapur, Lai Zhen, una famosa superviviente de\u00a0<b>Internet<\/b>, huye de un asesino. Est\u00e1 acorralada, desesperada y, lo peor de todo, podr\u00eda morir sin saber qu\u00e9 est\u00e1 pasando. De repente, aparece un extraordinario<b>software<\/b>\u00a0en su tel\u00e9fono que le dice exactamente c\u00f3mo escapar. \u00bfQui\u00e9n lo ha hecho? \u00bfParaqu\u00e9 sirve realmente? Y si quienes est\u00e1n detr\u00e1s pueden salvarla del peligro, \u00bfqu\u00e9 quieren de ella y qu\u00e9 m\u00e1s saben sobre el futuro?<\/p>\n<p>Los mundos de Martha y Zhen est\u00e1n a punto de colisionar. Se pone en marcha una explosiva cadena de acontecimientos. Mientras unos pocos\u00a0<b>multimillonarios<\/b>\u00a0convencidos de su propia seguridad llevan el mundo a la destrucci\u00f3n, la implacable motivaci\u00f3n de Martha y la curiosidad insaciable deZhen podr\u00edan conducir a algo hermoso o al fin catastr\u00f3fico de la civilizaci\u00f3n. El futuro est\u00e1 por llegar. El futuro est\u00e1 aqu\u00ed.<\/p>\n","protected":false},"excerpt":{"rendered":"<p>Naomi Alderman<\/p>\n","protected":false},"featured_media":3609,"template":"","meta":{"_joinchat":[]},"product_brand":[],"product_cat":[72],"product_tag":[34],"class_list":{"0":"post-3608","1":"product","2":"type-product","3":"status-publish","4":"has-post-thumbnail","6":"product_cat-distopico","7":"product_tag-penguin-random-house","9":"first","10":"outofstock","11":"shipping-taxable","12":"purchasable","13":"product-type-simple"},"_links":{"self":[{"href":"https:\/\/libreriahistoriasdebolsillo.com\/index.php\/wp-json\/wp\/v2\/product\/3608","targetHints":{"allow":["GET"]}}],"collection":[{"href":"https:\/\/libreriahistoriasdebolsillo.com\/index.php\/wp-json\/wp\/v2\/product"}],"about":[{"href":"https:\/\/libreriahistoriasdebolsillo.com\/index.php\/wp-json\/wp\/v2\/types\/product"}],"wp:featuredmedia":[{"embeddable":true,"href":"https:\/\/libreriahistoriasdebolsillo.com\/index.php\/wp-json\/wp\/v2\/media\/3609"}],"wp:attachment":[{"href":"https:\/\/libreriahistoriasdebolsillo.com\/index.php\/wp-json\/wp\/v2\/media?parent=3608"}],"wp:term":[{"taxonomy":"product_brand","embeddable":true,"href":"https:\/\/libreriahistoriasdebolsillo.com\/index.php\/wp-json\/wp\/v2\/product_brand?post=3608"},{"taxonomy":"product_cat","embeddable":true,"href":"https:\/\/libreriahistoriasdebolsillo.com\/index.php\/wp-json\/wp\/v2\/product_cat?post=3608"},{"taxonomy":"product_tag","embeddable":true,"href":"https:\/\/libreriahistoriasdebolsillo.com\/index.php\/wp-json\/wp\/v2\/product_tag?post=3608"}],"curies":[{"name":"wp","href":"https:\/\/api.w.org\/{rel}","templated":true}]}}