{"id":3657,"date":"2024-02-09T18:09:52","date_gmt":"2024-02-10T00:09:52","guid":{"rendered":"https:\/\/libreriahistoriasdebolsillo.com\/?post_type=product&#038;p=3657"},"modified":"2024-04-23T16:57:10","modified_gmt":"2024-04-23T22:57:10","slug":"heridas-abiertas","status":"publish","type":"product","link":"https:\/\/libreriahistoriasdebolsillo.com\/index.php\/producto\/heridas-abiertas\/","title":{"rendered":"Heridas abiertas"},"content":{"rendered":"<p>Reci\u00e9n salida de una breve estancia en un\u00a0<b>hospital psiqui\u00e1trico<\/b>, Camille Preaker se dirige a su ciudad natal a cubrir una\u00a0<b>serie de asesinatos<\/b>\u00a0para el peri\u00f3dico en el que trabaja. Por primera vez en once a\u00f1os regresa a la inmensa mansi\u00f3n en la que creci\u00f3, donde se tendr\u00e1 que enfrentar a los recuerdos de su hermana, que muri\u00f3 en plena adolescencia. Pero lo que m\u00e1s perturba a Camille es la presencia de su madre, una mujer fr\u00eda y manipuladora que despierta la admiraci\u00f3n de sus vecinos y que vive obsesionada con su salud y la de los suyos. Con la polic\u00eda local abrumada por los hechos, Camille llevar\u00e1 a cabo su propia\u00a0<b>investigaci\u00f3n<\/b>, desafiando las r\u00edgidas normas sociales de un peque\u00f1o pueblo de la Am\u00e9rica profunda. La primera novela de\u00a0<b>Gillian Flynn<\/b>\u00a0es un\u00a0<b>thriller apasionante\u00a0<\/b>que retrata las complicadas relaciones entre hermanas, madres e hijas, as\u00ed como la sutil violencia que envuelve los nexos familiares.<\/p>\n","protected":false},"excerpt":{"rendered":"<p>Gillian Flynn<\/p>\n","protected":false},"featured_media":3658,"template":"","meta":{"_joinchat":[]},"product_brand":[],"product_cat":[37],"product_tag":[34],"class_list":{"0":"post-3657","1":"product","2":"type-product","3":"status-publish","4":"has-post-thumbnail","6":"product_cat-misterio-y-thriller","7":"product_tag-penguin-random-house","9":"first","10":"outofstock","11":"shipping-taxable","12":"purchasable","13":"product-type-simple"},"_links":{"self":[{"href":"https:\/\/libreriahistoriasdebolsillo.com\/index.php\/wp-json\/wp\/v2\/product\/3657","targetHints":{"allow":["GET"]}}],"collection":[{"href":"https:\/\/libreriahistoriasdebolsillo.com\/index.php\/wp-json\/wp\/v2\/product"}],"about":[{"href":"https:\/\/libreriahistoriasdebolsillo.com\/index.php\/wp-json\/wp\/v2\/types\/product"}],"wp:featuredmedia":[{"embeddable":true,"href":"https:\/\/libreriahistoriasdebolsillo.com\/index.php\/wp-json\/wp\/v2\/media\/3658"}],"wp:attachment":[{"href":"https:\/\/libreriahistoriasdebolsillo.com\/index.php\/wp-json\/wp\/v2\/media?parent=3657"}],"wp:term":[{"taxonomy":"product_brand","embeddable":true,"href":"https:\/\/libreriahistoriasdebolsillo.com\/index.php\/wp-json\/wp\/v2\/product_brand?post=3657"},{"taxonomy":"product_cat","embeddable":true,"href":"https:\/\/libreriahistoriasdebolsillo.com\/index.php\/wp-json\/wp\/v2\/product_cat?post=3657"},{"taxonomy":"product_tag","embeddable":true,"href":"https:\/\/libreriahistoriasdebolsillo.com\/index.php\/wp-json\/wp\/v2\/product_tag?post=3657"}],"curies":[{"name":"wp","href":"https:\/\/api.w.org\/{rel}","templated":true}]}}