{"id":3672,"date":"2024-02-09T18:22:51","date_gmt":"2024-02-10T00:22:51","guid":{"rendered":"https:\/\/libreriahistoriasdebolsillo.com\/?post_type=product&#038;p=3672"},"modified":"2026-03-27T17:28:10","modified_gmt":"2026-03-27T23:28:10","slug":"las-cronicas-de-dune-2-el-mesias-de-dune","status":"publish","type":"product","link":"https:\/\/libreriahistoriasdebolsillo.com\/index.php\/producto\/las-cronicas-de-dune-2-el-mesias-de-dune\/","title":{"rendered":"Las cr\u00f3nicas de Dune 2. El mes\u00edas de Dune"},"content":{"rendered":"<p><b>Segunda entrega de la extraordinaria serie de Frank Herbert,<i>\u00a0Las cr\u00f3nicas de Dune<\/i>, considerada una de las m\u00e1s importantes sagas de ciencia ficci\u00f3n de todos los tiempos.<\/b><\/p>\n<p><i>El mes\u00edas de Dune\u00a0<\/i>contin\u00faa la historia de Paul Atreides, mejor conocido -y temido-, bajo el nombre de\u00a0<b>Muad\u00b4Dib<\/b>. Como emperador del universo conocido, posee m\u00e1s poder del que jam\u00e1s debi\u00f3 ejercer un solo hombre. Venerado como \u00eddolo religioso por los vehementes Fremen, Paul se enfrenta a la hostilidad de las castas pol\u00edticas que desplaz\u00f3 cuando asumi\u00f3 el trono, as\u00ed como una conspiraci\u00f3n dentro de su propio c\u00edrculo de seguidores. Aunque la<b>\u00a0Casa Atreides<\/b>\u00a0comienza a desmoronarse a su alrededor por las intrigas de sus enemigos, la verdadera amenaza para Paul vendr\u00e1 de su concubina, Chani, y de su hijo nonato, heredero de la dinast\u00eda familiar.<\/p>\n","protected":false},"excerpt":{"rendered":"<p>Frank Herbert<\/p>\n","protected":false},"featured_media":3673,"template":"","meta":{"_joinchat":[]},"product_brand":[],"product_cat":[40,51],"product_tag":[34],"class_list":{"0":"post-3672","1":"product","2":"type-product","3":"status-publish","4":"has-post-thumbnail","6":"product_cat-ciencia-ficcion","7":"product_cat-oferta","8":"product_tag-penguin-random-house","10":"first","11":"outofstock","12":"sale","13":"shipping-taxable","14":"purchasable","15":"product-type-simple"},"_links":{"self":[{"href":"https:\/\/libreriahistoriasdebolsillo.com\/index.php\/wp-json\/wp\/v2\/product\/3672","targetHints":{"allow":["GET"]}}],"collection":[{"href":"https:\/\/libreriahistoriasdebolsillo.com\/index.php\/wp-json\/wp\/v2\/product"}],"about":[{"href":"https:\/\/libreriahistoriasdebolsillo.com\/index.php\/wp-json\/wp\/v2\/types\/product"}],"wp:featuredmedia":[{"embeddable":true,"href":"https:\/\/libreriahistoriasdebolsillo.com\/index.php\/wp-json\/wp\/v2\/media\/3673"}],"wp:attachment":[{"href":"https:\/\/libreriahistoriasdebolsillo.com\/index.php\/wp-json\/wp\/v2\/media?parent=3672"}],"wp:term":[{"taxonomy":"product_brand","embeddable":true,"href":"https:\/\/libreriahistoriasdebolsillo.com\/index.php\/wp-json\/wp\/v2\/product_brand?post=3672"},{"taxonomy":"product_cat","embeddable":true,"href":"https:\/\/libreriahistoriasdebolsillo.com\/index.php\/wp-json\/wp\/v2\/product_cat?post=3672"},{"taxonomy":"product_tag","embeddable":true,"href":"https:\/\/libreriahistoriasdebolsillo.com\/index.php\/wp-json\/wp\/v2\/product_tag?post=3672"}],"curies":[{"name":"wp","href":"https:\/\/api.w.org\/{rel}","templated":true}]}}