{"id":3726,"date":"2024-02-19T12:55:48","date_gmt":"2024-02-19T18:55:48","guid":{"rendered":"https:\/\/libreriahistoriasdebolsillo.com\/?post_type=product&#038;p=3726"},"modified":"2025-04-05T17:07:06","modified_gmt":"2025-04-05T23:07:06","slug":"el-mapa-de-la-abundancia","status":"publish","type":"product","link":"https:\/\/libreriahistoriasdebolsillo.com\/index.php\/producto\/el-mapa-de-la-abundancia\/","title":{"rendered":"El mapa de la abundancia"},"content":{"rendered":"<p><b>\u00bfEst\u00e1s listo para cambiar tu realidad financiera&#8230; para siempre?<\/b><\/p>\n<p>Existen muchos\u00a0<b>malentendidos\u00a0<\/b>sobre el dinero. Algunos dicen que es el origen de todos los males. Otros lo ven como una panacea y piensan que tenerlo arreglar\u00e1 todo. Y hay quien cree las dos cosas al mismo tiempo. Pero \u00bfy si el dinero no fuera bueno ni malo? \u00bfY si s\u00f3lo fuera pura\u00a0<b>energ\u00eda<\/b>?<\/p>\n<p>Imagina que eres capaz de crear\u00a0<b>abundancia ilimitada<\/b>\u00a0en todas las \u00e1reas de tu vida. \u00bfC\u00f3mo ser\u00eda? \u00bfQu\u00e9 sue\u00f1os y objetivos perseguir\u00edas? \u00bfQu\u00e9 alegr\u00edas incluir\u00edas en tu vida diaria? El poder de crear cualquier cosa ya existe dentro de nosotros (y t\u00fa no eres la excepci\u00f3n), puedes aprender a<b>\u00a0trabajar con la energ\u00eda\u00a0<\/b>para crear abundancia.<i>\u00a0El mapa de la abundancia\u00a0<\/i>te ayudar\u00e1 a llevar tus capacidades de creaci\u00f3n innatas al siguiente nivel, \u00e9se donde el dinero fluye como agua y la felicidad es una realidad diaria.<\/p>\n<p><b>\u00a1Es hora de reclamar la vida abundante para la que naciste!<\/b><\/p>\n","protected":false},"excerpt":{"rendered":"<p>Boni Lonnsburry<\/p>\n","protected":false},"featured_media":3727,"template":"","meta":{"_joinchat":[]},"product_brand":[],"product_cat":[58,41,51],"product_tag":[34],"class_list":{"0":"post-3726","1":"product","2":"type-product","3":"status-publish","4":"has-post-thumbnail","6":"product_cat-desarrollo-humano-y-superacion","7":"product_cat-desarrollo-humano","8":"product_cat-oferta","9":"product_tag-penguin-random-house","11":"first","12":"outofstock","13":"shipping-taxable","14":"purchasable","15":"product-type-simple"},"_links":{"self":[{"href":"https:\/\/libreriahistoriasdebolsillo.com\/index.php\/wp-json\/wp\/v2\/product\/3726","targetHints":{"allow":["GET"]}}],"collection":[{"href":"https:\/\/libreriahistoriasdebolsillo.com\/index.php\/wp-json\/wp\/v2\/product"}],"about":[{"href":"https:\/\/libreriahistoriasdebolsillo.com\/index.php\/wp-json\/wp\/v2\/types\/product"}],"wp:featuredmedia":[{"embeddable":true,"href":"https:\/\/libreriahistoriasdebolsillo.com\/index.php\/wp-json\/wp\/v2\/media\/3727"}],"wp:attachment":[{"href":"https:\/\/libreriahistoriasdebolsillo.com\/index.php\/wp-json\/wp\/v2\/media?parent=3726"}],"wp:term":[{"taxonomy":"product_brand","embeddable":true,"href":"https:\/\/libreriahistoriasdebolsillo.com\/index.php\/wp-json\/wp\/v2\/product_brand?post=3726"},{"taxonomy":"product_cat","embeddable":true,"href":"https:\/\/libreriahistoriasdebolsillo.com\/index.php\/wp-json\/wp\/v2\/product_cat?post=3726"},{"taxonomy":"product_tag","embeddable":true,"href":"https:\/\/libreriahistoriasdebolsillo.com\/index.php\/wp-json\/wp\/v2\/product_tag?post=3726"}],"curies":[{"name":"wp","href":"https:\/\/api.w.org\/{rel}","templated":true}]}}