{"id":3728,"date":"2024-02-19T12:57:37","date_gmt":"2024-02-19T18:57:37","guid":{"rendered":"https:\/\/libreriahistoriasdebolsillo.com\/?post_type=product&#038;p=3728"},"modified":"2024-05-02T15:09:55","modified_gmt":"2024-05-02T21:09:55","slug":"la-cura-para-la-fatiga","status":"publish","type":"product","link":"https:\/\/libreriahistoriasdebolsillo.com\/index.php\/producto\/la-cura-para-la-fatiga\/","title":{"rendered":"La cura para la fatiga"},"content":{"rendered":"<p>Esta pr\u00e1ctica gu\u00eda brinda consejos para evitar el cansancio y tener as\u00ed una vida m\u00e1s plena.<\/p>\n<p><b>De Soh\u00e8re Roked, una de las doctoras cl\u00ednicas m\u00e1s reconocidas del Reino Unido.<\/b><\/p>\n<p><b>Aumenta dr\u00e1sticamente tu energ\u00eda y termina con el cansancio cr\u00f3nico.<\/b><\/p>\n<p>\u00bfNecesitas tomar caf\u00e9 o t\u00e9 para despertar? \u00bfTe sientes cansado sin raz\u00f3n aparente? \u00bfEst\u00e1s completamente estresado al final de la semana o incluso al final del d\u00eda? Si tu respuesta a cualquiera de estas preguntas es s\u00ed, entonces es el momento de tomar el control de tu salud con\u00a0<i>La cura para la fatiga<\/i>.<\/p>\n<p>Esta gu\u00eda poderosa te ayudar\u00e1 a:<\/p>\n<p>-Elegir una dieta y una rutina de ejercicio adecuadas para restaurar los niveles de energ\u00eda.<\/p>\n<p>-Descubrir los mejores suplementos para sentirte bien y lucir joven.<\/p>\n<p>-Equilibrar tus hormonas y mejorar tu salud intestinal para estar realmente sano, por dentro y por fuera.<\/p>\n<p>-Dormir el tiempo suficiente para levantarte radiante al d\u00eda siguiente.<\/p>\n<p>-Acabar con tu adicci\u00f3n al az\u00facar y a los alimentos procesados que no te nutren realmente.<\/p>\n","protected":false},"excerpt":{"rendered":"<p>Dra. Soh\u00e9re Roked<\/p>\n","protected":false},"featured_media":3729,"template":"","meta":{"_joinchat":[]},"product_brand":[],"product_cat":[58,41,51],"product_tag":[34],"class_list":{"0":"post-3728","1":"product","2":"type-product","3":"status-publish","4":"has-post-thumbnail","6":"product_cat-desarrollo-humano-y-superacion","7":"product_cat-desarrollo-humano","8":"product_cat-oferta","9":"product_tag-penguin-random-house","11":"first","12":"outofstock","13":"shipping-taxable","14":"purchasable","15":"product-type-simple"},"_links":{"self":[{"href":"https:\/\/libreriahistoriasdebolsillo.com\/index.php\/wp-json\/wp\/v2\/product\/3728","targetHints":{"allow":["GET"]}}],"collection":[{"href":"https:\/\/libreriahistoriasdebolsillo.com\/index.php\/wp-json\/wp\/v2\/product"}],"about":[{"href":"https:\/\/libreriahistoriasdebolsillo.com\/index.php\/wp-json\/wp\/v2\/types\/product"}],"wp:featuredmedia":[{"embeddable":true,"href":"https:\/\/libreriahistoriasdebolsillo.com\/index.php\/wp-json\/wp\/v2\/media\/3729"}],"wp:attachment":[{"href":"https:\/\/libreriahistoriasdebolsillo.com\/index.php\/wp-json\/wp\/v2\/media?parent=3728"}],"wp:term":[{"taxonomy":"product_brand","embeddable":true,"href":"https:\/\/libreriahistoriasdebolsillo.com\/index.php\/wp-json\/wp\/v2\/product_brand?post=3728"},{"taxonomy":"product_cat","embeddable":true,"href":"https:\/\/libreriahistoriasdebolsillo.com\/index.php\/wp-json\/wp\/v2\/product_cat?post=3728"},{"taxonomy":"product_tag","embeddable":true,"href":"https:\/\/libreriahistoriasdebolsillo.com\/index.php\/wp-json\/wp\/v2\/product_tag?post=3728"}],"curies":[{"name":"wp","href":"https:\/\/api.w.org\/{rel}","templated":true}]}}