{"id":3789,"date":"2024-03-01T14:02:56","date_gmt":"2024-03-01T20:02:56","guid":{"rendered":"https:\/\/libreriahistoriasdebolsillo.com\/?post_type=product&#038;p=3789"},"modified":"2025-02-14T17:53:05","modified_gmt":"2025-02-14T23:53:05","slug":"mi-perro-y-yo-la-historia-de-un-vinculo-singular","status":"publish","type":"product","link":"https:\/\/libreriahistoriasdebolsillo.com\/index.php\/producto\/mi-perro-y-yo-la-historia-de-un-vinculo-singular\/","title":{"rendered":"Mi perro y yo. La historia de un v\u00ednculo singular"},"content":{"rendered":"<p>La historia de la relaci\u00f3n entre los humanos y los perros suma ya miles de a\u00f1os, pero siguen habiendo muchos aspectos que escapan a nuestra comprensi\u00f3n. Alexandra Horowitz, experta en cognici\u00f3n animal, ha explorado los entresijos de este v\u00ednculo, \u00fanico y complejo, entre especies. En estas p\u00e1ginas, la autora desgrana las particularidades de compartir la vida con un perro, cu\u00e1les son sus necesidades, c\u00f3mo vemos a nuestros compa\u00f1eros caninos y, lo m\u00e1s sorprendente, c\u00f3mo nos ven ellos a nosotros. Un libro apasionante para los amantes de los perros y de la biolog\u00eda en general.<\/p>\n","protected":false},"excerpt":{"rendered":"<p>Alexandra Horowitz<\/p>\n","protected":false},"featured_media":3790,"template":"","meta":{"_joinchat":[]},"product_brand":[],"product_cat":[41],"product_tag":[48],"class_list":{"0":"post-3789","1":"product","2":"type-product","3":"status-publish","4":"has-post-thumbnail","6":"product_cat-desarrollo-humano","7":"product_tag-vr-editoras","9":"first","10":"outofstock","11":"shipping-taxable","12":"purchasable","13":"product-type-simple"},"_links":{"self":[{"href":"https:\/\/libreriahistoriasdebolsillo.com\/index.php\/wp-json\/wp\/v2\/product\/3789","targetHints":{"allow":["GET"]}}],"collection":[{"href":"https:\/\/libreriahistoriasdebolsillo.com\/index.php\/wp-json\/wp\/v2\/product"}],"about":[{"href":"https:\/\/libreriahistoriasdebolsillo.com\/index.php\/wp-json\/wp\/v2\/types\/product"}],"wp:featuredmedia":[{"embeddable":true,"href":"https:\/\/libreriahistoriasdebolsillo.com\/index.php\/wp-json\/wp\/v2\/media\/3790"}],"wp:attachment":[{"href":"https:\/\/libreriahistoriasdebolsillo.com\/index.php\/wp-json\/wp\/v2\/media?parent=3789"}],"wp:term":[{"taxonomy":"product_brand","embeddable":true,"href":"https:\/\/libreriahistoriasdebolsillo.com\/index.php\/wp-json\/wp\/v2\/product_brand?post=3789"},{"taxonomy":"product_cat","embeddable":true,"href":"https:\/\/libreriahistoriasdebolsillo.com\/index.php\/wp-json\/wp\/v2\/product_cat?post=3789"},{"taxonomy":"product_tag","embeddable":true,"href":"https:\/\/libreriahistoriasdebolsillo.com\/index.php\/wp-json\/wp\/v2\/product_tag?post=3789"}],"curies":[{"name":"wp","href":"https:\/\/api.w.org\/{rel}","templated":true}]}}