{"id":3791,"date":"2024-03-01T14:04:44","date_gmt":"2024-03-01T20:04:44","guid":{"rendered":"https:\/\/libreriahistoriasdebolsillo.com\/?post_type=product&#038;p=3791"},"modified":"2025-02-14T17:53:51","modified_gmt":"2025-02-14T23:53:51","slug":"jovenes-rebeldes-25-adolescentes-que-estan-cambiando-el-mundo-tapa-dura","status":"publish","type":"product","link":"https:\/\/libreriahistoriasdebolsillo.com\/index.php\/producto\/jovenes-rebeldes-25-adolescentes-que-estan-cambiando-el-mundo-tapa-dura\/","title":{"rendered":"J\u00f3venes rebeldes. 25 adolescentes que est\u00e1n cambiando el mundo (Tapa dura)"},"content":{"rendered":"<p>J\u00d3VENES, REBELDES, DECIDIDOS<\/p>\n<p>Quieren m\u00e1s libertad, m\u00e1s justicia, m\u00e1s diversidad. Luchan contra el cambio clim\u00e1tico, el racismo, la violencia, la pobreza y la corrupci\u00f3n. \u00a1Y llevan a\u00f1os haci\u00e9ndolo! Los adolescentes han tomado la iniciativa para pronunciarse contra las injusticias y alcanzar grandes cambios. Su valent\u00eda y convicci\u00f3n nos inspiran. Estas son sus historias.<\/p>\n<p>EL ACTIVISMO NO ENTIENDE DE EDAD<\/p>\n","protected":false},"excerpt":{"rendered":"<p>J\u00d3VENES, REBELDES, DECIDIDOS Quieren m\u00e1s libertad, m\u00e1s justicia, m\u00e1s diversidad. Luchan contra el cambio clim\u00e1tico, el racismo, la violencia, la pobreza y la corrupci\u00f3n. \u00a1Y llevan a\u00f1os haci\u00e9ndolo! Los adolescentes han tomado la iniciativa para pronunciarse contra las injusticias y alcanzar grandes cambios. Su valent\u00eda y convicci\u00f3n nos inspiran. Estas son sus historias. EL ACTIVISMO [&hellip;]<\/p>\n","protected":false},"featured_media":3792,"template":"","meta":{"_joinchat":[]},"product_brand":[],"product_cat":[52,41],"product_tag":[48],"class_list":{"0":"post-3791","1":"product","2":"type-product","3":"status-publish","4":"has-post-thumbnail","6":"product_cat-juvenil","7":"product_cat-desarrollo-humano","8":"product_tag-vr-editoras","10":"first","11":"outofstock","12":"shipping-taxable","13":"purchasable","14":"product-type-simple"},"_links":{"self":[{"href":"https:\/\/libreriahistoriasdebolsillo.com\/index.php\/wp-json\/wp\/v2\/product\/3791","targetHints":{"allow":["GET"]}}],"collection":[{"href":"https:\/\/libreriahistoriasdebolsillo.com\/index.php\/wp-json\/wp\/v2\/product"}],"about":[{"href":"https:\/\/libreriahistoriasdebolsillo.com\/index.php\/wp-json\/wp\/v2\/types\/product"}],"wp:featuredmedia":[{"embeddable":true,"href":"https:\/\/libreriahistoriasdebolsillo.com\/index.php\/wp-json\/wp\/v2\/media\/3792"}],"wp:attachment":[{"href":"https:\/\/libreriahistoriasdebolsillo.com\/index.php\/wp-json\/wp\/v2\/media?parent=3791"}],"wp:term":[{"taxonomy":"product_brand","embeddable":true,"href":"https:\/\/libreriahistoriasdebolsillo.com\/index.php\/wp-json\/wp\/v2\/product_brand?post=3791"},{"taxonomy":"product_cat","embeddable":true,"href":"https:\/\/libreriahistoriasdebolsillo.com\/index.php\/wp-json\/wp\/v2\/product_cat?post=3791"},{"taxonomy":"product_tag","embeddable":true,"href":"https:\/\/libreriahistoriasdebolsillo.com\/index.php\/wp-json\/wp\/v2\/product_tag?post=3791"}],"curies":[{"name":"wp","href":"https:\/\/api.w.org\/{rel}","templated":true}]}}