{"id":3799,"date":"2024-03-04T17:18:12","date_gmt":"2024-03-04T23:18:12","guid":{"rendered":"https:\/\/libreriahistoriasdebolsillo.com\/?post_type=product&#038;p=3799"},"modified":"2025-07-28T09:19:59","modified_gmt":"2025-07-28T15:19:59","slug":"un-lugar-para-mungo","status":"publish","type":"product","link":"https:\/\/libreriahistoriasdebolsillo.com\/index.php\/producto\/un-lugar-para-mungo\/","title":{"rendered":"Un lugar para Mungo"},"content":{"rendered":"<p><b>REGRESA EL GANADOR DEL PREMIO BOOKER POR<\/b><i><b>\u00a0HISTORIA DE SHUGGIE BAIN<\/b><\/i><\/p>\n<p><b>\u00ab<\/b><i><b>Un lugar para Mungo<\/b><\/i><b>\u00a0lo confirma: Douglas Stuart es un genio\u00bb.<\/b><br \/>\n<b>Ron Charles,<\/b>\u00a0<i><b>The<\/b><\/i>\u00a0<i><b>Washington Post<\/b><\/i><\/p>\n<p><b>\u00abUn pu\u00f1etazo directo al coraz\u00f3n\u00bb.<\/b><br \/>\n<i><b>Publishers Weekly<\/b><\/i><\/p>\n<p>A sus quince a\u00f1os, Mungo, un adolescente con una sensibilidad diferente al resto de los chicos del vecindario, vive en un barrio obrero del Glasgow de la era post-Thatcher, en el seno de una familia protestante: sin padre, con una madre alcoh\u00f3lica y un hermano que representa todo lo que \u00e9l odia. En un ambiente masculinizado, rodeado de paro y peleas callejeras, solo cuenta con el apoyo y el cuidado de su hermana, Jodie. Tras un altercado familiar, su madre decide enviar a Mungo de pesca con dos desconocidos de Alcoh\u00f3licos An\u00f3nimos para que hagan de \u00e9l un hombre de provecho. De camino a un lago del oeste de Escocia con esos extra\u00f1os cuyas bromas de borrachos esconden un pasado turbio, Mungo solo piensa en regresar al lado de su amigo James, el \u00fanico lugar donde ha descubierto que puede ser \u00e9l mismo.<\/p>\n<p>Douglas Stuart nos acerca, con una prosa l\u00edrica y v\u00edvida, al peligroso primer amor entre dos adolescentes en esta l\u00facida y conmovedorahistoria sobre el sentido de la masculinidad y del deber para con la familia, las violencias a las que se enfrentan las identidades queer y los riesgos de querer demasiado a alguien.<\/p>\n","protected":false},"excerpt":{"rendered":"<p>Douglas Stuart<\/p>\n","protected":false},"featured_media":3800,"template":"","meta":{"_joinchat":[]},"product_brand":[],"product_cat":[33,38],"product_tag":[34],"class_list":{"0":"post-3799","1":"product","2":"type-product","3":"status-publish","4":"has-post-thumbnail","6":"product_cat-ficcion-general","7":"product_cat-lgbtq","8":"product_tag-penguin-random-house","10":"first","11":"outofstock","12":"shipping-taxable","13":"purchasable","14":"product-type-simple"},"_links":{"self":[{"href":"https:\/\/libreriahistoriasdebolsillo.com\/index.php\/wp-json\/wp\/v2\/product\/3799","targetHints":{"allow":["GET"]}}],"collection":[{"href":"https:\/\/libreriahistoriasdebolsillo.com\/index.php\/wp-json\/wp\/v2\/product"}],"about":[{"href":"https:\/\/libreriahistoriasdebolsillo.com\/index.php\/wp-json\/wp\/v2\/types\/product"}],"wp:featuredmedia":[{"embeddable":true,"href":"https:\/\/libreriahistoriasdebolsillo.com\/index.php\/wp-json\/wp\/v2\/media\/3800"}],"wp:attachment":[{"href":"https:\/\/libreriahistoriasdebolsillo.com\/index.php\/wp-json\/wp\/v2\/media?parent=3799"}],"wp:term":[{"taxonomy":"product_brand","embeddable":true,"href":"https:\/\/libreriahistoriasdebolsillo.com\/index.php\/wp-json\/wp\/v2\/product_brand?post=3799"},{"taxonomy":"product_cat","embeddable":true,"href":"https:\/\/libreriahistoriasdebolsillo.com\/index.php\/wp-json\/wp\/v2\/product_cat?post=3799"},{"taxonomy":"product_tag","embeddable":true,"href":"https:\/\/libreriahistoriasdebolsillo.com\/index.php\/wp-json\/wp\/v2\/product_tag?post=3799"}],"curies":[{"name":"wp","href":"https:\/\/api.w.org\/{rel}","templated":true}]}}