{"id":3814,"date":"2024-03-04T17:36:41","date_gmt":"2024-03-04T23:36:41","guid":{"rendered":"https:\/\/libreriahistoriasdebolsillo.com\/?post_type=product&#038;p=3814"},"modified":"2025-11-26T18:11:23","modified_gmt":"2025-11-27T00:11:23","slug":"ama-tu-soledad","status":"publish","type":"product","link":"https:\/\/libreriahistoriasdebolsillo.com\/index.php\/producto\/ama-tu-soledad\/","title":{"rendered":"Ama tu soledad"},"content":{"rendered":"<p><b>Para poder crear v\u00ednculos libres y aut\u00e9nticos con los dem\u00e1s primero hemos de aprender a disfrutar de nuestra propia compa\u00f1\u00eda.<\/b><\/p>\n<p>La soledad es una de las emociones m\u00e1s intensas y dolorosas. Prueba de ello es que hacemos cualquier cosa para evitarla. De hecho, la gran mayor\u00eda de adultos somos sociodependientes, adictos a la nicotina social. Es decir, a la irracional necesidad de estar permanentemente en contacto con otras personas. A pesar de ser la forma de drogadicci\u00f3n m\u00e1s com\u00fan en nuestra sociedad, es tambi\u00e9n la m\u00e1s desconocida. \u00bfQui\u00e9n es el valiente que se atreve a quedarse a solas, desnudo emocionalmente y cara a cara con el dolor que anida en sus profundidades?<\/p>\n<p>Este libro es un viaje terap\u00e9utico. Y est\u00e1 concebido como un proceso de desintoxicaci\u00f3n social con el que afrontar nuestro mayor miedo: la herida de abandono. Entre otros aprendizajes, propone que dejemos de utilizar a los dem\u00e1s como parches para tapar nuestro vac\u00edo existencial y suplir nuestra falta de amor propio. Y que revisitemos nuestra infancia para reconciliarnos con nuestro ni\u00f1a (o ni\u00f1o) interior. Solo as\u00edpodremos convertirnos en lo que estamos destinados a ser: nuestro mejor amigo, descubriendo que nunca estamos (del todo) solos.<\/p>\n","protected":false},"excerpt":{"rendered":"<p>Borja Vilaseca<\/p>\n","protected":false},"featured_media":3815,"template":"","meta":{"_joinchat":[]},"product_brand":[],"product_cat":[58,41],"product_tag":[34],"class_list":{"0":"post-3814","1":"product","2":"type-product","3":"status-publish","4":"has-post-thumbnail","6":"product_cat-desarrollo-humano-y-superacion","7":"product_cat-desarrollo-humano","8":"product_tag-penguin-random-house","10":"first","11":"outofstock","12":"shipping-taxable","13":"purchasable","14":"product-type-simple"},"_links":{"self":[{"href":"https:\/\/libreriahistoriasdebolsillo.com\/index.php\/wp-json\/wp\/v2\/product\/3814","targetHints":{"allow":["GET"]}}],"collection":[{"href":"https:\/\/libreriahistoriasdebolsillo.com\/index.php\/wp-json\/wp\/v2\/product"}],"about":[{"href":"https:\/\/libreriahistoriasdebolsillo.com\/index.php\/wp-json\/wp\/v2\/types\/product"}],"wp:featuredmedia":[{"embeddable":true,"href":"https:\/\/libreriahistoriasdebolsillo.com\/index.php\/wp-json\/wp\/v2\/media\/3815"}],"wp:attachment":[{"href":"https:\/\/libreriahistoriasdebolsillo.com\/index.php\/wp-json\/wp\/v2\/media?parent=3814"}],"wp:term":[{"taxonomy":"product_brand","embeddable":true,"href":"https:\/\/libreriahistoriasdebolsillo.com\/index.php\/wp-json\/wp\/v2\/product_brand?post=3814"},{"taxonomy":"product_cat","embeddable":true,"href":"https:\/\/libreriahistoriasdebolsillo.com\/index.php\/wp-json\/wp\/v2\/product_cat?post=3814"},{"taxonomy":"product_tag","embeddable":true,"href":"https:\/\/libreriahistoriasdebolsillo.com\/index.php\/wp-json\/wp\/v2\/product_tag?post=3814"}],"curies":[{"name":"wp","href":"https:\/\/api.w.org\/{rel}","templated":true}]}}