{"id":3875,"date":"2024-03-05T14:45:18","date_gmt":"2024-03-05T20:45:18","guid":{"rendered":"https:\/\/libreriahistoriasdebolsillo.com\/?post_type=product&#038;p=3875"},"modified":"2025-11-26T18:12:12","modified_gmt":"2025-11-27T00:12:12","slug":"tu-admiradora-secreta","status":"publish","type":"product","link":"https:\/\/libreriahistoriasdebolsillo.com\/index.php\/producto\/tu-admiradora-secreta\/","title":{"rendered":"Tu admiradora secreta"},"content":{"rendered":"<p>Hallie Welch se enamor\u00f3 perdidamente de Julian Vos a los catorce a\u00f1os, cuando estuvieron a punto de besarse en los vi\u00f1edos de su familia. Ahora el atractivo Julian ha regresado al valle de Napa, y cuando contratan a Hallie para renovar los jardines de la finca familiar, ella se pregunta si por fin podr\u00e1 conseguir ese ansiado beso. Pero el r\u00edgido profesor poco tiene que ver con el adolescente que ella recuerda y sus personalidades, ahora radicalmente opuestas, chocan de manera espectacular.<\/p>\n<p>Julian se ha tomado un a\u00f1o sab\u00e1tico que quiere invertir en escribir una novela, pero tener a Hallie trabajando al otro lado de su ventana es una distracci\u00f3n imposible de ignorar. Ella es exc\u00e9ntrica, impuntual y tan hermosa que no lo deja concentrarse. Pero entonces encuentra una carta dirigida a \u00e9l y firmada por su \u00abadmiradora secreta\u00bb.<\/p>\n<p>Mientras intenta descubrir la identidad de la remitente, Julian no puede dejar de pensar en Hallie. Como las flores que planta, ella es una explosi\u00f3n de color en su vida monocrom\u00e1tica. Para un hombre que plancha sus calcetines y sigue horarios estrictos, su energ\u00eda ca\u00f3tica y entusiasta no tiene ning\u00fan sentido. Pero hay algo en ella que resulta tan familiar&#8230; y su mera presencia est\u00e1 poniendo su mundo patas arriba.<\/p>\n","protected":false},"excerpt":{"rendered":"<p>Tessa Bailey<\/p>\n","protected":false},"featured_media":3876,"template":"","meta":{"_joinchat":[]},"product_brand":[],"product_cat":[35],"product_tag":[46],"class_list":{"0":"post-3875","1":"product","2":"type-product","3":"status-publish","4":"has-post-thumbnail","6":"product_cat-romantica","7":"product_tag-ediciones-urano","9":"first","10":"outofstock","11":"shipping-taxable","12":"purchasable","13":"product-type-simple"},"_links":{"self":[{"href":"https:\/\/libreriahistoriasdebolsillo.com\/index.php\/wp-json\/wp\/v2\/product\/3875","targetHints":{"allow":["GET"]}}],"collection":[{"href":"https:\/\/libreriahistoriasdebolsillo.com\/index.php\/wp-json\/wp\/v2\/product"}],"about":[{"href":"https:\/\/libreriahistoriasdebolsillo.com\/index.php\/wp-json\/wp\/v2\/types\/product"}],"wp:featuredmedia":[{"embeddable":true,"href":"https:\/\/libreriahistoriasdebolsillo.com\/index.php\/wp-json\/wp\/v2\/media\/3876"}],"wp:attachment":[{"href":"https:\/\/libreriahistoriasdebolsillo.com\/index.php\/wp-json\/wp\/v2\/media?parent=3875"}],"wp:term":[{"taxonomy":"product_brand","embeddable":true,"href":"https:\/\/libreriahistoriasdebolsillo.com\/index.php\/wp-json\/wp\/v2\/product_brand?post=3875"},{"taxonomy":"product_cat","embeddable":true,"href":"https:\/\/libreriahistoriasdebolsillo.com\/index.php\/wp-json\/wp\/v2\/product_cat?post=3875"},{"taxonomy":"product_tag","embeddable":true,"href":"https:\/\/libreriahistoriasdebolsillo.com\/index.php\/wp-json\/wp\/v2\/product_tag?post=3875"}],"curies":[{"name":"wp","href":"https:\/\/api.w.org\/{rel}","templated":true}]}}