{"id":3904,"date":"2024-03-08T12:54:44","date_gmt":"2024-03-08T18:54:44","guid":{"rendered":"https:\/\/libreriahistoriasdebolsillo.com\/?post_type=product&#038;p=3904"},"modified":"2024-06-03T14:56:35","modified_gmt":"2024-06-03T20:56:35","slug":"la-ultima-cuentista","status":"publish","type":"product","link":"https:\/\/libreriahistoriasdebolsillo.com\/index.php\/producto\/la-ultima-cuentista\/","title":{"rendered":"La \u00faltima cuentista"},"content":{"rendered":"<p><b>Las historias que nos contamos nos convierten en quienes somos. <\/b><b>Un \u00e9xito de p\u00fablico y cr\u00edtica para todas las edades. Novela ganadora de la medalla Newbury y el premio Pura Belpr\u00e9.<\/b><\/p>\n<p>\u00c9rase una vez&#8230; una chica llamada Petra Pe\u00f1a que solo deseaba ser contadora de historias, como su abuela. Pero el mundo de Petra se est\u00e1 acabando: la Tierra va a ser destruida por un cometa, y solo algunas decenas de familias han sido seleccionadas para viajar a un nuevo planeta.<\/p>\n<p>Cientos de a\u00f1os despu\u00e9s, Petra despierta en este nuevo mundo, pero descubre que es la \u00fanica persona que recuerda la Tierra. Durante el viaje, un siniestro Colectivo se ha apropiado de la nave y ha purgado la memoria de todos los que estaban a bordo.<\/p>\n<p>Solo Petra tiene las historias de nuestro pasado, y, con ellas, la clave de nuestro futuro.<\/p>\n<p>\u00bfSer\u00e1 capaz de usar el poder de las historias y hacerlas vivir de nuevo?<\/p>\n<p>&nbsp;<\/p>\n","protected":false},"excerpt":{"rendered":"<p>Donna Barba Higuera<\/p>\n","protected":false},"featured_media":3905,"template":"","meta":{"_joinchat":[]},"product_brand":[],"product_cat":[72],"product_tag":[34],"class_list":{"0":"post-3904","1":"product","2":"type-product","3":"status-publish","4":"has-post-thumbnail","6":"product_cat-distopico","7":"product_tag-penguin-random-house","9":"first","10":"outofstock","11":"shipping-taxable","12":"purchasable","13":"product-type-simple"},"_links":{"self":[{"href":"https:\/\/libreriahistoriasdebolsillo.com\/index.php\/wp-json\/wp\/v2\/product\/3904","targetHints":{"allow":["GET"]}}],"collection":[{"href":"https:\/\/libreriahistoriasdebolsillo.com\/index.php\/wp-json\/wp\/v2\/product"}],"about":[{"href":"https:\/\/libreriahistoriasdebolsillo.com\/index.php\/wp-json\/wp\/v2\/types\/product"}],"wp:featuredmedia":[{"embeddable":true,"href":"https:\/\/libreriahistoriasdebolsillo.com\/index.php\/wp-json\/wp\/v2\/media\/3905"}],"wp:attachment":[{"href":"https:\/\/libreriahistoriasdebolsillo.com\/index.php\/wp-json\/wp\/v2\/media?parent=3904"}],"wp:term":[{"taxonomy":"product_brand","embeddable":true,"href":"https:\/\/libreriahistoriasdebolsillo.com\/index.php\/wp-json\/wp\/v2\/product_brand?post=3904"},{"taxonomy":"product_cat","embeddable":true,"href":"https:\/\/libreriahistoriasdebolsillo.com\/index.php\/wp-json\/wp\/v2\/product_cat?post=3904"},{"taxonomy":"product_tag","embeddable":true,"href":"https:\/\/libreriahistoriasdebolsillo.com\/index.php\/wp-json\/wp\/v2\/product_tag?post=3904"}],"curies":[{"name":"wp","href":"https:\/\/api.w.org\/{rel}","templated":true}]}}