{"id":3934,"date":"2024-03-11T14:52:07","date_gmt":"2024-03-11T20:52:07","guid":{"rendered":"https:\/\/libreriahistoriasdebolsillo.com\/?post_type=product&#038;p=3934"},"modified":"2025-11-26T18:13:27","modified_gmt":"2025-11-27T00:13:27","slug":"el-plan-smart","status":"publish","type":"product","link":"https:\/\/libreriahistoriasdebolsillo.com\/index.php\/producto\/el-plan-smart\/","title":{"rendered":"El plan SMART"},"content":{"rendered":"<p><b>Que el \u00e9xito te encuentre esforz\u00e1ndote<\/b>\u00a0<b>y no a media excusa.<\/b><\/p>\n<p>\u00bfCu\u00e1nto\u00a0<b>tiempo<\/b>\u00a0has dejado pasar para dar el siguiente paso en el camino hacia la\u00a0<b>meta<\/b>? No eres la \u00fanica persona en esta situaci\u00f3n. Hay quienes esperan d\u00e9cadas a que se cumpla aquello con lo que\u00a0<b>sue\u00f1an<\/b>, pero el\u00a0<b>\u00e9xito<\/b>\u00a0implica mucho m\u00e1s que desearlo. Es importante visualizarnos disfrutando aquella vida que queremos, pero es indispensable actuar en lugar de esperar.<\/p>\n<p>En este libro encontrar\u00e1s:<\/p>\n<p>-Ayuda para identificar tus prioridades en la vida y\u00a0<b>elegir<\/b>\u00a0a la gente correcta para acompa\u00f1arte en tu camino.<\/p>\n<p>-Un plan detallado para conseguir lo que quieres de manera\u00a0<b>eficaz<\/b>.<\/p>\n<p>-Tips para crear una estrategia con objetivos alcanzables que te acerquen a tu megameta.<\/p>\n<p>-Informaci\u00f3n sobre la importancia de crear\u00a0<b>h\u00e1bitos y rutinas<\/b>\u00a0que sean afines a lo que quieres lograr.<\/p>\n<p>-An\u00e9cdotas de \u00e9xito para demostrarte que puedes deshacerte de creencias limitantes.<\/p>\n","protected":false},"excerpt":{"rendered":"<p>Claudia Ch\u00e1vez<\/p>\n","protected":false},"featured_media":3935,"template":"","meta":{"_joinchat":[]},"product_brand":[],"product_cat":[58,41],"product_tag":[34],"class_list":{"0":"post-3934","1":"product","2":"type-product","3":"status-publish","4":"has-post-thumbnail","6":"product_cat-desarrollo-humano-y-superacion","7":"product_cat-desarrollo-humano","8":"product_tag-penguin-random-house","10":"first","11":"outofstock","12":"shipping-taxable","13":"purchasable","14":"product-type-simple"},"_links":{"self":[{"href":"https:\/\/libreriahistoriasdebolsillo.com\/index.php\/wp-json\/wp\/v2\/product\/3934","targetHints":{"allow":["GET"]}}],"collection":[{"href":"https:\/\/libreriahistoriasdebolsillo.com\/index.php\/wp-json\/wp\/v2\/product"}],"about":[{"href":"https:\/\/libreriahistoriasdebolsillo.com\/index.php\/wp-json\/wp\/v2\/types\/product"}],"wp:featuredmedia":[{"embeddable":true,"href":"https:\/\/libreriahistoriasdebolsillo.com\/index.php\/wp-json\/wp\/v2\/media\/3935"}],"wp:attachment":[{"href":"https:\/\/libreriahistoriasdebolsillo.com\/index.php\/wp-json\/wp\/v2\/media?parent=3934"}],"wp:term":[{"taxonomy":"product_brand","embeddable":true,"href":"https:\/\/libreriahistoriasdebolsillo.com\/index.php\/wp-json\/wp\/v2\/product_brand?post=3934"},{"taxonomy":"product_cat","embeddable":true,"href":"https:\/\/libreriahistoriasdebolsillo.com\/index.php\/wp-json\/wp\/v2\/product_cat?post=3934"},{"taxonomy":"product_tag","embeddable":true,"href":"https:\/\/libreriahistoriasdebolsillo.com\/index.php\/wp-json\/wp\/v2\/product_tag?post=3934"}],"curies":[{"name":"wp","href":"https:\/\/api.w.org\/{rel}","templated":true}]}}