{"id":3956,"date":"2024-03-11T15:16:44","date_gmt":"2024-03-11T21:16:44","guid":{"rendered":"https:\/\/libreriahistoriasdebolsillo.com\/?post_type=product&#038;p=3956"},"modified":"2025-11-26T18:13:51","modified_gmt":"2025-11-27T00:13:51","slug":"boyfriends-vol-1","status":"publish","type":"product","link":"https:\/\/libreriahistoriasdebolsillo.com\/index.php\/producto\/boyfriends-vol-1\/","title":{"rendered":"Boyfriends Vol. 1"},"content":{"rendered":"<p><b>Esta es la historia de <\/b><b>chico conoce a chico&#8230; <\/b><b>&#8230;que conoce a chico&#8230; <\/b><b>&#8230;\u00a1que conoce a chico!<\/b><\/p>\n<p>Boyfriends. es la historia\u00a0<b>poliamorosa<\/b>\u00a0de un\u00a0<b>deportista<\/b>, un\u00a0<b>nerd<\/b>, un ni\u00f1o\u00a0<b>mimado<\/b>\u00a0y un\u00a0<b>g\u00f3tico<\/b>\u00a0que est\u00e1n aprendiendo a\u00a0<b>amarse<\/b>\u00a0los unos a los otros mientras intentan con todas sus fuerzas que una\u00a0<b>relaci\u00f3n<\/b>\u00a0de cuatro funcione, con todo lo que eso conlleva.<\/p>\n<p>Sorteando las aventuras y desventuras de la vida amorosa, los cuatro\u00a0<b>novios<\/b>\u00a0inician un camino tan duro como precioso que los llevar\u00e1 a entenderse mejor a s\u00ed mismos y a los dem\u00e1s.<\/p>\n<p>Divertida, conmovedora y rabiosamente actual, Boyfriends. supone una bocanada de aire fresco y se presenta como un relato necesario lleno de momentos de orgullo, tanto grandes como peque\u00f1os.<\/p>\n<p>Boyfriends. recopila los episodios 1 a 55 del encantador c\u00f3mic hom\u00f3nimo de\u00a0<b>WEBTOON<\/b>.<\/p>\n","protected":false},"excerpt":{"rendered":"<p>Refrainbow<\/p>\n","protected":false},"featured_media":3957,"template":"","meta":{"_joinchat":[]},"product_brand":[],"product_cat":[38,67],"product_tag":[34],"class_list":{"0":"post-3956","1":"product","2":"type-product","3":"status-publish","4":"has-post-thumbnail","6":"product_cat-lgbtq","7":"product_cat-manga","8":"product_tag-penguin-random-house","10":"first","11":"outofstock","12":"shipping-taxable","13":"purchasable","14":"product-type-simple"},"_links":{"self":[{"href":"https:\/\/libreriahistoriasdebolsillo.com\/index.php\/wp-json\/wp\/v2\/product\/3956","targetHints":{"allow":["GET"]}}],"collection":[{"href":"https:\/\/libreriahistoriasdebolsillo.com\/index.php\/wp-json\/wp\/v2\/product"}],"about":[{"href":"https:\/\/libreriahistoriasdebolsillo.com\/index.php\/wp-json\/wp\/v2\/types\/product"}],"wp:featuredmedia":[{"embeddable":true,"href":"https:\/\/libreriahistoriasdebolsillo.com\/index.php\/wp-json\/wp\/v2\/media\/3957"}],"wp:attachment":[{"href":"https:\/\/libreriahistoriasdebolsillo.com\/index.php\/wp-json\/wp\/v2\/media?parent=3956"}],"wp:term":[{"taxonomy":"product_brand","embeddable":true,"href":"https:\/\/libreriahistoriasdebolsillo.com\/index.php\/wp-json\/wp\/v2\/product_brand?post=3956"},{"taxonomy":"product_cat","embeddable":true,"href":"https:\/\/libreriahistoriasdebolsillo.com\/index.php\/wp-json\/wp\/v2\/product_cat?post=3956"},{"taxonomy":"product_tag","embeddable":true,"href":"https:\/\/libreriahistoriasdebolsillo.com\/index.php\/wp-json\/wp\/v2\/product_tag?post=3956"}],"curies":[{"name":"wp","href":"https:\/\/api.w.org\/{rel}","templated":true}]}}